
CREATE TABLE `hypn01_assets` (
  `id` int(10) unsigned NOT NULL AUTO_INCREMENT COMMENT 'Primary Key',
  `parent_id` int(11) NOT NULL DEFAULT '0' COMMENT 'Nested set parent.',
  `lft` int(11) NOT NULL DEFAULT '0' COMMENT 'Nested set lft.',
  `rgt` int(11) NOT NULL DEFAULT '0' COMMENT 'Nested set rgt.',
  `level` int(10) unsigned NOT NULL COMMENT 'The cached level in the nested tree.',
  `name` varchar(50) NOT NULL COMMENT 'The unique name for the asset.\n',
  `title` varchar(100) NOT NULL COMMENT 'The descriptive title for the asset.',
  `rules` varchar(5120) NOT NULL COMMENT 'JSON encoded access control.',
  PRIMARY KEY (`id`),
  UNIQUE KEY `idx_asset_name` (`name`),
  KEY `idx_lft_rgt` (`lft`,`rgt`),
  KEY `idx_parent_id` (`parent_id`)
) ENGINE=InnoDB AUTO_INCREMENT=48 DEFAULT CHARSET=utf8;

INSERT INTO `hypn01_assets` VALUES (1,0,1,446,0,'root.1','Root Asset','{\"core.login.site\":{\"6\":1,\"2\":1},\"core.login.admin\":{\"6\":1},\"core.admin\":{\"8\":1},\"core.manage\":{\"7\":1},\"core.create\":{\"6\":1,\"3\":1},\"core.delete\":{\"6\":1},\"core.edit\":{\"6\":1,\"4\":1},\"core.edit.state\":{\"6\":1,\"5\":1},\"core.edit.own\":{\"6\":1,\"3\":1}}'),(2,1,1,2,1,'com_admin','com_admin','{}'),(3,1,3,6,1,'com_banners','com_banners','{\"core.admin\":{\"7\":1},\"core.manage\":{\"6\":1},\"core.create\":[],\"core.delete\":[],\"core.edit\":[],\"core.edit.state\":[]}'),(4,1,7,8,1,'com_cache','com_cache','{\"core.admin\":{\"7\":1},\"core.manage\":{\"7\":1}}'),(5,1,9,10,1,'com_checkin','com_checkin','{\"core.admin\":{\"7\":1},\"core.manage\":{\"7\":1}}'),(6,1,11,12,1,'com_config','com_config','{}'),(7,1,13,16,1,'com_contact','com_contact','{\"core.admin\":{\"7\":1},\"core.manage\":{\"6\":1},\"core.create\":[],\"core.delete\":[],\"core.edit\":[],\"core.edit.state\":[],\"core.edit.own\":[]}'),(8,1,17,50,1,'com_content','com_content','{\"core.admin\":{\"7\":1},\"core.manage\":{\"6\":1},\"core.create\":{\"3\":1},\"core.delete\":[],\"core.edit\":{\"4\":1},\"core.edit.state\":{\"5\":1},\"core.edit.own\":[]}'),(9,1,51,52,1,'com_cpanel','com_cpanel','{}'),(10,1,53,54,1,'com_installer','com_installer','{\"core.admin\":{\"7\":1},\"core.manage\":{\"7\":1},\"core.delete\":[],\"core.edit.state\":[]}'),(11,1,55,56,1,'com_languages','com_languages','{\"core.admin\":{\"7\":1},\"core.manage\":[],\"core.create\":[],\"core.delete\":[],\"core.edit\":[],\"core.edit.state\":[]}'),(12,1,57,58,1,'com_login','com_login','{}'),(13,1,59,60,1,'com_mailto','com_mailto','{}'),(14,1,61,62,1,'com_massmail','com_massmail','{}'),(15,1,63,64,1,'com_media','com_media','{\"core.admin\":{\"7\":1},\"core.manage\":{\"6\":1},\"core.create\":{\"3\":1},\"core.delete\":{\"5\":1}}'),(16,1,65,66,1,'com_menus','com_menus','{\"core.admin\":{\"7\":1},\"core.manage\":[],\"core.create\":[],\"core.delete\":[],\"core.edit\":[],\"core.edit.state\":[]}'),(17,1,67,68,1,'com_messages','com_messages','{\"core.admin\":{\"7\":1},\"core.manage\":{\"7\":1}}'),(18,1,69,70,1,'com_modules','com_modules','{\"core.admin\":{\"7\":1},\"core.manage\":[],\"core.create\":[],\"core.delete\":[],\"core.edit\":[],\"core.edit.state\":[]}'),(19,1,71,74,1,'com_newsfeeds','com_newsfeeds','{\"core.admin\":{\"7\":1},\"core.manage\":{\"6\":1},\"core.create\":[],\"core.delete\":[],\"core.edit\":[],\"core.edit.state\":[],\"core.edit.own\":[]}'),(20,1,75,76,1,'com_plugins','com_plugins','{\"core.admin\":{\"7\":1},\"core.manage\":[],\"core.edit\":[],\"core.edit.state\":[]}'),(21,1,77,78,1,'com_redirect','com_redirect','{\"core.admin\":{\"7\":1},\"core.manage\":[]}'),(22,1,79,80,1,'com_search','com_search','{\"core.admin\":{\"7\":1},\"core.manage\":{\"6\":1}}'),(23,1,81,82,1,'com_templates','com_templates','{\"core.admin\":{\"7\":1},\"core.manage\":[],\"core.create\":[],\"core.delete\":[],\"core.edit\":[],\"core.edit.state\":[]}'),(24,1,83,84,1,'com_users','com_users','{\"core.admin\":{\"7\":1},\"core.manage\":[],\"core.create\":[],\"core.delete\":[],\"core.edit\":[],\"core.edit.own\":{\"6\":1},\"core.edit.state\":[]}'),(25,1,85,88,1,'com_weblinks','com_weblinks','{\"core.admin\":{\"7\":1},\"core.manage\":{\"6\":1},\"core.create\":{\"3\":1},\"core.delete\":[],\"core.edit\":{\"4\":1},\"core.edit.state\":{\"5\":1},\"core.edit.own\":[]}'),(26,1,89,90,1,'com_wrapper','com_wrapper','{}'),(27,8,18,23,2,'com_content.category.2','Uncategorised','{\"core.create\":[],\"core.delete\":[],\"core.edit\":[],\"core.edit.state\":[],\"core.edit.own\":[]}'),(28,3,4,5,2,'com_banners.category.3','Uncategorised','{\"core.create\":[],\"core.delete\":[],\"core.edit\":[],\"core.edit.state\":[]}'),(29,7,14,15,2,'com_contact.category.4','Uncategorised','{\"core.create\":[],\"core.delete\":[],\"core.edit\":[],\"core.edit.state\":[],\"core.edit.own\":[]}'),(30,19,72,73,2,'com_newsfeeds.category.5','Uncategorised','{\"core.create\":[],\"core.delete\":[],\"core.edit\":[],\"core.edit.state\":[],\"core.edit.own\":[]}'),(31,25,86,87,2,'com_weblinks.category.6','Uncategorised','{\"core.create\":[],\"core.delete\":[],\"core.edit\":[],\"core.edit.state\":[],\"core.edit.own\":[]}'),(32,1,444,445,1,'com_ckeditor','ckeditor','{}'),(33,8,24,27,2,'com_content.category.7','Acceuil Hypnose Extensions','{\"core.create\":[],\"core.delete\":[],\"core.edit\":[],\"core.edit.state\":[],\"core.edit.own\":[]}'),(34,8,28,29,2,'com_content.category.8','Thérapie et développement personnel','{\"core.create\":[],\"core.delete\":[],\"core.edit\":[],\"core.edit.state\":[],\"core.edit.own\":[]}'),(35,8,30,33,2,'com_content.category.9','Indications','{\"core.create\":[],\"core.delete\":[],\"core.edit\":[],\"core.edit.state\":[],\"core.edit.own\":[]}'),(36,8,34,37,2,'com_content.category.10','Poids','{\"core.create\":[],\"core.delete\":[],\"core.edit\":[],\"core.edit.state\":[],\"core.edit.own\":[]}'),(37,8,38,39,2,'com_content.category.11','Tabac','{\"core.create\":[],\"core.delete\":[],\"core.edit\":[],\"core.edit.state\":[],\"core.edit.own\":[]}'),(38,8,40,45,2,'com_content.category.12','Extensions','{\"core.create\":[],\"core.delete\":[],\"core.edit\":[],\"core.edit.state\":[],\"core.edit.own\":[]}'),(39,8,46,49,2,'com_content.category.13','Hypnose','{\"core.create\":[],\"core.delete\":[],\"core.edit\":[],\"core.edit.state\":[],\"core.edit.own\":[]}'),(40,33,25,26,3,'com_content.article.1','ACCUEIL HYPNOSE Extensions','{\"core.delete\":[],\"core.edit\":[],\"core.edit.state\":[]}'),(41,38,41,42,3,'com_content.article.2','contactExtensions','{\"core.delete\":[],\"core.edit\":[],\"core.edit.state\":[]}'),(42,38,43,44,3,'com_content.article.3','Extensions','{\"core.delete\":[],\"core.edit\":[],\"core.edit.state\":[]}'),(43,39,47,48,3,'com_content.article.4','HYPNOSE et PNL','{\"core.delete\":[],\"core.edit\":[],\"core.edit.state\":[]}'),(44,35,31,32,3,'com_content.article.5','INDICATIONS','{\"core.delete\":[],\"core.edit\":[],\"core.edit.state\":[]}'),(45,36,35,36,3,'com_content.article.6','Poids','{\"core.delete\":[],\"core.edit\":[],\"core.edit.state\":[]}'),(46,27,19,20,3,'com_content.article.7','Tabac','{\"core.delete\":[],\"core.edit\":[],\"core.edit.state\":[]}'),(47,27,21,22,3,'com_content.article.8','Thérapie et développement personnel','{\"core.delete\":[],\"core.edit\":[],\"core.edit.state\":[]}');
CREATE TABLE `hypn01_banner_clients` (
  `id` int(11) NOT NULL AUTO_INCREMENT,
  `name` varchar(255) NOT NULL DEFAULT '',
  `contact` varchar(255) NOT NULL DEFAULT '',
  `email` varchar(255) NOT NULL DEFAULT '',
  `extrainfo` text NOT NULL,
  `state` tinyint(3) NOT NULL DEFAULT '0',
  `checked_out` int(10) unsigned NOT NULL DEFAULT '0',
  `checked_out_time` datetime NOT NULL DEFAULT '0000-00-00 00:00:00',
  `metakey` text NOT NULL,
  `own_prefix` tinyint(4) NOT NULL DEFAULT '0',
  `metakey_prefix` varchar(255) NOT NULL DEFAULT '',
  `purchase_type` tinyint(4) NOT NULL DEFAULT '-1',
  `track_clicks` tinyint(4) NOT NULL DEFAULT '-1',
  `track_impressions` tinyint(4) NOT NULL DEFAULT '-1',
  PRIMARY KEY (`id`),
  KEY `idx_own_prefix` (`own_prefix`),
  KEY `idx_metakey_prefix` (`metakey_prefix`)
) ENGINE=InnoDB DEFAULT CHARSET=utf8;

CREATE TABLE `hypn01_banner_tracks` (
  `track_date` datetime NOT NULL,
  `track_type` int(10) unsigned NOT NULL,
  `banner_id` int(10) unsigned NOT NULL,
  `count` int(10) unsigned NOT NULL DEFAULT '0',
  PRIMARY KEY (`track_date`,`track_type`,`banner_id`),
  KEY `idx_track_date` (`track_date`),
  KEY `idx_track_type` (`track_type`),
  KEY `idx_banner_id` (`banner_id`)
) ENGINE=InnoDB DEFAULT CHARSET=utf8;

CREATE TABLE `hypn01_banners` (
  `id` int(11) NOT NULL AUTO_INCREMENT,
  `cid` int(11) NOT NULL DEFAULT '0',
  `type` int(11) NOT NULL DEFAULT '0',
  `name` varchar(255) NOT NULL DEFAULT '',
  `alias` varchar(255) NOT NULL DEFAULT '',
  `imptotal` int(11) NOT NULL DEFAULT '0',
  `impmade` int(11) NOT NULL DEFAULT '0',
  `clicks` int(11) NOT NULL DEFAULT '0',
  `clickurl` varchar(200) NOT NULL DEFAULT '',
  `state` tinyint(3) NOT NULL DEFAULT '0',
  `catid` int(10) unsigned NOT NULL DEFAULT '0',
  `description` text NOT NULL,
  `custombannercode` varchar(2048) NOT NULL,
  `sticky` tinyint(1) unsigned NOT NULL DEFAULT '0',
  `ordering` int(11) NOT NULL DEFAULT '0',
  `metakey` text NOT NULL,
  `params` text NOT NULL,
  `own_prefix` tinyint(1) NOT NULL DEFAULT '0',
  `metakey_prefix` varchar(255) NOT NULL DEFAULT '',
  `purchase_type` tinyint(4) NOT NULL DEFAULT '-1',
  `track_clicks` tinyint(4) NOT NULL DEFAULT '-1',
  `track_impressions` tinyint(4) NOT NULL DEFAULT '-1',
  `checked_out` int(10) unsigned NOT NULL DEFAULT '0',
  `checked_out_time` datetime NOT NULL DEFAULT '0000-00-00 00:00:00',
  `publish_up` datetime NOT NULL DEFAULT '0000-00-00 00:00:00',
  `publish_down` datetime NOT NULL DEFAULT '0000-00-00 00:00:00',
  `reset` datetime NOT NULL DEFAULT '0000-00-00 00:00:00',
  `created` datetime NOT NULL DEFAULT '0000-00-00 00:00:00',
  `language` char(7) NOT NULL DEFAULT '',
  PRIMARY KEY (`id`),
  KEY `idx_state` (`state`),
  KEY `idx_own_prefix` (`own_prefix`),
  KEY `idx_metakey_prefix` (`metakey_prefix`),
  KEY `idx_banner_catid` (`catid`),
  KEY `idx_language` (`language`)
) ENGINE=InnoDB DEFAULT CHARSET=utf8;

CREATE TABLE `hypn01_categories` (
  `id` int(11) NOT NULL AUTO_INCREMENT,
  `asset_id` int(10) unsigned NOT NULL DEFAULT '0' COMMENT 'FK to the #__assets table.',
  `parent_id` int(10) unsigned NOT NULL DEFAULT '0',
  `lft` int(11) NOT NULL DEFAULT '0',
  `rgt` int(11) NOT NULL DEFAULT '0',
  `level` int(10) unsigned NOT NULL DEFAULT '0',
  `path` varchar(255) NOT NULL DEFAULT '',
  `extension` varchar(50) NOT NULL DEFAULT '',
  `title` varchar(255) NOT NULL,
  `alias` varchar(255) NOT NULL DEFAULT '',
  `note` varchar(255) NOT NULL DEFAULT '',
  `description` varchar(5120) NOT NULL DEFAULT '',
  `published` tinyint(1) NOT NULL DEFAULT '0',
  `checked_out` int(11) unsigned NOT NULL DEFAULT '0',
  `checked_out_time` datetime NOT NULL DEFAULT '0000-00-00 00:00:00',
  `access` tinyint(3) unsigned NOT NULL DEFAULT '0',
  `params` text NOT NULL,
  `metadesc` varchar(1024) NOT NULL COMMENT 'The meta description for the page.',
  `metakey` varchar(1024) NOT NULL COMMENT 'The meta keywords for the page.',
  `metadata` varchar(2048) NOT NULL COMMENT 'JSON encoded metadata properties.',
  `created_user_id` int(10) unsigned NOT NULL DEFAULT '0',
  `created_time` datetime NOT NULL DEFAULT '0000-00-00 00:00:00',
  `modified_user_id` int(10) unsigned NOT NULL DEFAULT '0',
  `modified_time` datetime NOT NULL DEFAULT '0000-00-00 00:00:00',
  `hits` int(10) unsigned NOT NULL DEFAULT '0',
  `language` char(7) NOT NULL,
  PRIMARY KEY (`id`),
  KEY `cat_idx` (`extension`,`published`,`access`),
  KEY `idx_access` (`access`),
  KEY `idx_checkout` (`checked_out`),
  KEY `idx_path` (`path`),
  KEY `idx_left_right` (`lft`,`rgt`),
  KEY `idx_alias` (`alias`),
  KEY `idx_language` (`language`)
) ENGINE=InnoDB AUTO_INCREMENT=14 DEFAULT CHARSET=utf8;

INSERT INTO `hypn01_categories` VALUES (1,0,0,0,25,0,'','system','ROOT','root','','',1,0,'0000-00-00 00:00:00',1,'{}','','','',0,'2009-10-18 16:07:09',0,'0000-00-00 00:00:00',0,'*'),(2,27,1,1,2,1,'uncategorised','com_content','Uncategorised','uncategorised','','',1,0,'0000-00-00 00:00:00',1,'{\"target\":\"\",\"image\":\"\"}','','','{\"page_title\":\"\",\"author\":\"\",\"robots\":\"\"}',42,'2010-06-28 13:26:37',0,'0000-00-00 00:00:00',0,'*'),(3,28,1,3,4,1,'uncategorised','com_banners','Uncategorised','uncategorised','','',1,0,'0000-00-00 00:00:00',1,'{\"target\":\"\",\"image\":\"\",\"foobar\":\"\"}','','','{\"page_title\":\"\",\"author\":\"\",\"robots\":\"\"}',42,'2010-06-28 13:27:35',0,'0000-00-00 00:00:00',0,'*'),(4,29,1,5,6,1,'uncategorised','com_contact','Uncategorised','uncategorised','','',1,0,'0000-00-00 00:00:00',1,'{\"target\":\"\",\"image\":\"\"}','','','{\"page_title\":\"\",\"author\":\"\",\"robots\":\"\"}',42,'2010-06-28 13:27:57',0,'0000-00-00 00:00:00',0,'*'),(5,30,1,7,8,1,'uncategorised','com_newsfeeds','Uncategorised','uncategorised','','',1,0,'0000-00-00 00:00:00',1,'{\"target\":\"\",\"image\":\"\"}','','','{\"page_title\":\"\",\"author\":\"\",\"robots\":\"\"}',42,'2010-06-28 13:28:15',0,'0000-00-00 00:00:00',0,'*'),(6,31,1,9,10,1,'uncategorised','com_weblinks','Uncategorised','uncategorised','','',1,0,'0000-00-00 00:00:00',1,'{\"target\":\"\",\"image\":\"\"}','','','{\"page_title\":\"\",\"author\":\"\",\"robots\":\"\"}',42,'2010-06-28 13:28:33',0,'0000-00-00 00:00:00',0,'*'),(7,33,1,11,12,1,'acceuilsite','com_content','Acceuil Hypnose Extensions','acceuilsite','','<p>\r\n	Home page Extensions Hypno site</p>\r\n',1,0,'0000-00-00 00:00:00',1,'{\"category_layout\":\"\",\"image\":\"\"}','','extensions hypnose hypnothérapie grenoble','{\"author\":\"\",\"robots\":\"\"}',42,'2011-04-21 13:43:18',0,'0000-00-00 00:00:00',0,'*'),(8,34,1,13,14,1,'therapiedevperso','com_content','Thérapie et développement personnel','therapiedevperso','','<p>\r\n	Thérapie et developpement personnel</p>\r\n',1,0,'0000-00-00 00:00:00',1,'{\"category_layout\":\"\",\"image\":\"\"}','','','{\"author\":\"\",\"robots\":\"\"}',42,'2011-04-21 13:44:26',0,'0000-00-00 00:00:00',0,'*'),(9,35,1,15,16,1,'indications','com_content','Indications','indications','','<p>\r\n	Indications</p>\r\n',1,0,'0000-00-00 00:00:00',1,'{\"category_layout\":\"\",\"image\":\"\"}','','','{\"author\":\"\",\"robots\":\"\"}',42,'2011-04-21 13:45:01',0,'0000-00-00 00:00:00',0,'*'),(10,36,1,17,18,1,'poids','com_content','Poids','poids','','<p>\r\n	Poids: prise et perte</p>\r\n',1,0,'0000-00-00 00:00:00',1,'{\"category_layout\":\"\",\"image\":\"\"}','','','{\"author\":\"\",\"robots\":\"\"}',42,'2011-04-21 13:46:08',0,'0000-00-00 00:00:00',0,'*'),(11,37,1,19,20,1,'tabac','com_content','Tabac','tabac','','<p>\r\n	Tabac</p>\r\n',1,0,'0000-00-00 00:00:00',1,'{\"category_layout\":\"\",\"image\":\"\"}','','','{\"author\":\"\",\"robots\":\"\"}',42,'2011-04-21 13:46:35',0,'0000-00-00 00:00:00',0,'*'),(12,38,1,21,22,1,'extensions','com_content','Extensions','extensions','','<p>\r\n	Extensions</p>\r\n',1,0,'0000-00-00 00:00:00',1,'{\"category_layout\":\"\",\"image\":\"\"}','','','{\"author\":\"\",\"robots\":\"\"}',42,'2011-04-21 13:47:13',0,'0000-00-00 00:00:00',0,'*'),(13,39,1,23,24,1,'hypnose','com_content','Hypnose','hypnose','','<p>\r\n	Hypnose et PNL</p>\r\n',1,0,'0000-00-00 00:00:00',1,'{\"category_layout\":\"\",\"image\":\"\"}','','','{\"author\":\"\",\"robots\":\"\"}',42,'2011-04-21 13:47:49',0,'0000-00-00 00:00:00',0,'*');
CREATE TABLE `hypn01_contact_details` (
  `id` int(11) NOT NULL AUTO_INCREMENT,
  `name` varchar(255) NOT NULL DEFAULT '',
  `alias` varchar(255) NOT NULL DEFAULT '',
  `con_position` varchar(255) DEFAULT NULL,
  `address` text,
  `suburb` varchar(100) DEFAULT NULL,
  `state` varchar(100) DEFAULT NULL,
  `country` varchar(100) DEFAULT NULL,
  `postcode` varchar(100) DEFAULT NULL,
  `telephone` varchar(255) DEFAULT NULL,
  `fax` varchar(255) DEFAULT NULL,
  `misc` mediumtext,
  `image` varchar(255) DEFAULT NULL,
  `imagepos` varchar(20) DEFAULT NULL,
  `email_to` varchar(255) DEFAULT NULL,
  `default_con` tinyint(1) unsigned NOT NULL DEFAULT '0',
  `published` tinyint(1) NOT NULL DEFAULT '0',
  `checked_out` int(10) unsigned NOT NULL DEFAULT '0',
  `checked_out_time` datetime NOT NULL DEFAULT '0000-00-00 00:00:00',
  `ordering` int(11) NOT NULL DEFAULT '0',
  `params` text NOT NULL,
  `user_id` int(11) NOT NULL DEFAULT '0',
  `catid` int(11) NOT NULL DEFAULT '0',
  `access` tinyint(3) unsigned NOT NULL DEFAULT '0',
  `mobile` varchar(255) NOT NULL DEFAULT '',
  `webpage` varchar(255) NOT NULL DEFAULT '',
  `sortname1` varchar(255) NOT NULL,
  `sortname2` varchar(255) NOT NULL,
  `sortname3` varchar(255) NOT NULL,
  `language` char(7) NOT NULL,
  `created` datetime NOT NULL DEFAULT '0000-00-00 00:00:00',
  `created_by` int(10) unsigned NOT NULL DEFAULT '0',
  `created_by_alias` varchar(255) NOT NULL DEFAULT '',
  `modified` datetime NOT NULL DEFAULT '0000-00-00 00:00:00',
  `modified_by` int(10) unsigned NOT NULL DEFAULT '0',
  `metakey` text NOT NULL,
  `metadesc` text NOT NULL,
  `metadata` text NOT NULL,
  `featured` tinyint(3) unsigned NOT NULL DEFAULT '0' COMMENT 'Set if article is featured.',
  `xreference` varchar(50) NOT NULL COMMENT 'A reference to enable linkages to external data sets.',
  `publish_up` datetime NOT NULL DEFAULT '0000-00-00 00:00:00',
  `publish_down` datetime NOT NULL DEFAULT '0000-00-00 00:00:00',
  PRIMARY KEY (`id`),
  KEY `idx_access` (`access`),
  KEY `idx_checkout` (`checked_out`),
  KEY `idx_state` (`published`),
  KEY `idx_catid` (`catid`),
  KEY `idx_createdby` (`created_by`),
  KEY `idx_featured_catid` (`featured`,`catid`),
  KEY `idx_language` (`language`),
  KEY `idx_xreference` (`xreference`)
) ENGINE=InnoDB DEFAULT CHARSET=utf8;

CREATE TABLE `hypn01_content` (
  `id` int(10) unsigned NOT NULL AUTO_INCREMENT,
  `asset_id` int(10) unsigned NOT NULL DEFAULT '0' COMMENT 'FK to the #__assets table.',
  `title` varchar(255) NOT NULL DEFAULT '',
  `alias` varchar(255) NOT NULL DEFAULT '',
  `title_alias` varchar(255) NOT NULL DEFAULT '',
  `introtext` mediumtext NOT NULL,
  `fulltext` mediumtext NOT NULL,
  `state` tinyint(3) NOT NULL DEFAULT '0',
  `sectionid` int(10) unsigned NOT NULL DEFAULT '0',
  `mask` int(10) unsigned NOT NULL DEFAULT '0',
  `catid` int(10) unsigned NOT NULL DEFAULT '0',
  `created` datetime NOT NULL DEFAULT '0000-00-00 00:00:00',
  `created_by` int(10) unsigned NOT NULL DEFAULT '0',
  `created_by_alias` varchar(255) NOT NULL DEFAULT '',
  `modified` datetime NOT NULL DEFAULT '0000-00-00 00:00:00',
  `modified_by` int(10) unsigned NOT NULL DEFAULT '0',
  `checked_out` int(10) unsigned NOT NULL DEFAULT '0',
  `checked_out_time` datetime NOT NULL DEFAULT '0000-00-00 00:00:00',
  `publish_up` datetime NOT NULL DEFAULT '0000-00-00 00:00:00',
  `publish_down` datetime NOT NULL DEFAULT '0000-00-00 00:00:00',
  `images` text NOT NULL,
  `urls` text NOT NULL,
  `attribs` varchar(5120) NOT NULL,
  `version` int(10) unsigned NOT NULL DEFAULT '1',
  `parentid` int(10) unsigned NOT NULL DEFAULT '0',
  `ordering` int(11) NOT NULL DEFAULT '0',
  `metakey` text NOT NULL,
  `metadesc` text NOT NULL,
  `access` int(10) unsigned NOT NULL DEFAULT '0',
  `hits` int(10) unsigned NOT NULL DEFAULT '0',
  `metadata` text NOT NULL,
  `featured` tinyint(3) unsigned NOT NULL DEFAULT '0' COMMENT 'Set if article is featured.',
  `language` char(7) NOT NULL COMMENT 'The language code for the article.',
  `xreference` varchar(50) NOT NULL COMMENT 'A reference to enable linkages to external data sets.',
  PRIMARY KEY (`id`),
  KEY `idx_access` (`access`),
  KEY `idx_checkout` (`checked_out`),
  KEY `idx_state` (`state`),
  KEY `idx_catid` (`catid`),
  KEY `idx_createdby` (`created_by`),
  KEY `idx_featured_catid` (`featured`,`catid`),
  KEY `idx_language` (`language`),
  KEY `idx_xreference` (`xreference`)
) ENGINE=InnoDB AUTO_INCREMENT=9 DEFAULT CHARSET=utf8;

INSERT INTO `hypn01_content` VALUES (1,40,'ACCUEIL HYPNOSE Extensions','acceuilsite','','<h1>\r\n	<span style=\"color:#ff3300;\"><span style=\"font-family: georgia,serif;\">HYPNOSE ERICKSONNIENNE<br />\r\n	TH&Eacute;RAPIE - ACCOMPAGNEMENT</span></span></h1>\r\n<h2>\r\n	<span style=\"color:#336699;\"><span style=\"font-family: georgia,serif;\">association Extensions</span></span></h2>\r\n<hr />\r\n<p style=\"text-align: justify;\">\r\n	<br />\r\n	<br />\r\n	<span style=\"color:#ff3300;\"><span style=\"font-size: 16px;\"><em><strong><span style=\"font-family: georgia,serif;\">Id&eacute;e clef :&nbsp;&nbsp; Chacun de nous fait le meilleur choix possible, au meilleur de ses possibilit&eacute;s pour un moment donn&eacute;. Donc, plus on a de choix, mieux &ccedil;a vaut !&nbsp;&nbsp;&nbsp;&nbsp;&nbsp; <span style=\"font-size:12px;\">(principe de l&rsquo;intention positive)</span></span></strong></em></span></span><br />\r\n	<br />\r\n	<br />\r\n	<br />\r\n	<span style=\"font-size:14px;\"><span style=\"font-family: verdana,geneva,sans-serif;\"> L&rsquo;association Extensions vous propose des s&eacute;ances d&rsquo;hypnoth&eacute;rapie et d&rsquo;accompagnement, pour le traitement d&rsquo;allergies, de phobies, stress, perte de poids, tabac, d&eacute;veloppement personnel, accompagnement de projets (coaching)&hellip;<br />\r\n	Voyez les pages correspondantes .<br />\r\n	<br />\r\n	L&rsquo;utilisation de l&rsquo;hypnose dans la th&eacute;rapie et l&rsquo;accompagnement permet un changement rapide de la personne dans ses comportements, en lui permettant d&rsquo;utiliser &laquo; naturellement &raquo; ses propres ressources et capacit&eacute;s cr&eacute;atrices.<br />\r\n	&nbsp;... en savoir plus? Voyez la page &laquo; hypnose &amp; PNL &raquo;.<br />\r\n	<br />\r\n	Les s&eacute;ances sont men&eacute;es par <strong>Fran&ccedil;ois Giraud</strong>, praticien hypnoth&eacute;rapeute et PNL dipl&ocirc;m&eacute; de l&rsquo;IFHE.<br />\r\n	&nbsp;Orient&eacute;es th&eacute;rapie br&egrave;ve, les sessions se d&eacute;roulent sur quelques s&eacute;ances au cabinet d&rsquo;hypnoth&eacute;rapie au<strong> 4 avenue Jean Perrot &agrave; Grenoble</strong> (38100).<br />\r\n	Sur demande des sessions peuvent &ecirc;tre organis&eacute;es dans d&rsquo;autres r&eacute;gions de France et &agrave; l&rsquo;&eacute;tranger.<br />\r\n	<br />\r\n	La s&eacute;ance dure une heure, son co&ucirc;t est de 60&euro;.&nbsp; Ce co&ucirc;t n&rsquo;est pas pris en compte par la S&eacute;curit&eacute; Sociale.</span></span></p>\r\n<p>\r\n	&nbsp;</p>\r\n','',1,0,0,7,'2011-04-21 13:54:13',42,'','2011-04-28 15:09:49',42,0,'0000-00-00 00:00:00','2011-04-21 13:54:13','0000-00-00 00:00:00','','','{\"show_title\":\"\",\"link_titles\":\"\",\"show_intro\":\"\",\"show_category\":\"\",\"link_category\":\"\",\"show_parent_category\":\"\",\"link_parent_category\":\"\",\"show_author\":\"\",\"link_author\":\"\",\"show_create_date\":\"\",\"show_modify_date\":\"\",\"show_publish_date\":\"\",\"show_item_navigation\":\"\",\"show_icons\":\"\",\"show_print_icon\":\"\",\"show_email_icon\":\"\",\"show_vote\":\"\",\"show_hits\":\"\",\"show_noauth\":\"\",\"alternative_readmore\":\"\",\"article_layout\":\"\"}',7,0,0,'princessloun01, hypnose, hypnothérapie, extensions, grenoble, giraud, pnl, coaching, tabac, poids, maigrir, bien-être','Assoc Extensions, Hypnose Ericksonienne à Grenoble. Francois Giraud hypnothérapeute. Hypnothérapie, PNL, coaching. Perte de poids, arrêt du tabac, compulsions, bien-être',1,939,'{\"robots\":\"\",\"author\":\"\",\"rights\":\"\",\"xreference\":\"\"}',0,'*',''),(2,41,'contactExtensions','contactext','','<h1>\r\n	<span style=\"color:#ff3300;\"><span style=\"font-family: georgia,serif;\">Association EXTENSIONS : contact</span></span></h1>\r\n<hr />\r\n<p>\r\n	<br />\r\n	<br />\r\n	<span style=\"font-size:14px;\"><span style=\"font-family: verdana,geneva,sans-serif;\">le cabinet est &agrave; Grenoble,&nbsp; au <strong>4 avenue Jean Perrot </strong>,&nbsp; &agrave; cot&eacute; du parc Paul Mistral, en face de la sation essence Agip<br />\r\n	<br />\r\n	Email: hypnose@fbaz.org<br />\r\n	<br />\r\n	Hypnoth&eacute;rapeute: Fran&ccedil;ois Giraud&nbsp;&nbsp; tel: 06 72 99 22 04</span></span></p>\r\n<p>\r\n	&nbsp;</p>\r\n<p>\r\n	&nbsp;</p>\r\n<p>\r\n	&nbsp;</p>\r\n','',1,0,0,12,'2011-04-21 13:58:00',42,'','2011-04-21 14:20:46',42,0,'0000-00-00 00:00:00','2011-04-21 13:58:00','0000-00-00 00:00:00','','','{\"show_title\":\"\",\"link_titles\":\"\",\"show_intro\":\"\",\"show_category\":\"\",\"link_category\":\"\",\"show_parent_category\":\"\",\"link_parent_category\":\"\",\"show_author\":\"\",\"link_author\":\"\",\"show_create_date\":\"\",\"show_modify_date\":\"\",\"show_publish_date\":\"\",\"show_item_navigation\":\"\",\"show_icons\":\"\",\"show_print_icon\":\"\",\"show_email_icon\":\"\",\"show_vote\":\"\",\"show_hits\":\"\",\"show_noauth\":\"\",\"alternative_readmore\":\"\",\"article_layout\":\"\"}',2,0,1,'','contact extensions',1,217,'{\"robots\":\"\",\"author\":\"\",\"rights\":\"\",\"xreference\":\"\"}',0,'*',''),(3,42,'Extensions','extensions','','<hr />\r\n<p style=\"text-align: justify;\">\r\n	<br />\r\n	<br />\r\n	<span style=\"font-size:14px;\"><span style=\"font-family: verdana,geneva,sans-serif;\">L&rsquo;association Extensions, pr&eacute;sid&eacute;e par la m&eacute;decin dr.&nbsp; D. Mas, a pour but de promouvoir des pratiques de d&eacute;veloppement personnel par l&rsquo;organisation de s&eacute;ances personnelles ou collectives, en utilisant des techniques telles que l&rsquo;hypnose, la programmation neurolinguistique et autres m&eacute;thodologies en pratique.&nbsp;&nbsp;<br />\r\n	Elle vise &agrave; apporter des m&eacute;thodologies d&rsquo;optimisation des apprentissages et du d&eacute;veloppement et &ecirc;tre un observatoire international de ces m&eacute;thodologies.</span></span><br />\r\n	<br />\r\n	<br />\r\n	&nbsp;</p>\r\n','',1,0,0,12,'2011-04-21 13:59:53',42,'','2011-04-21 16:04:46',42,0,'0000-00-00 00:00:00','2011-04-21 13:59:53','0000-00-00 00:00:00','','','{\"show_title\":\"\",\"link_titles\":\"\",\"show_intro\":\"\",\"show_category\":\"\",\"link_category\":\"\",\"show_parent_category\":\"\",\"link_parent_category\":\"\",\"show_author\":\"\",\"link_author\":\"\",\"show_create_date\":\"\",\"show_modify_date\":\"\",\"show_publish_date\":\"\",\"show_item_navigation\":\"\",\"show_icons\":\"\",\"show_print_icon\":\"\",\"show_email_icon\":\"\",\"show_vote\":\"\",\"show_hits\":\"\",\"show_noauth\":\"\",\"alternative_readmore\":\"\",\"article_layout\":\"\"}',3,0,0,'assocxiation extensions developpement personnel apprentissage','',1,134,'{\"robots\":\"\",\"author\":\"\",\"rights\":\"\",\"xreference\":\"\"}',0,'*',''),(4,43,'HYPNOSE et PNL','hypnose','','<h1>\r\n	<span style=\"color:#ff3300;\"><span style=\"font-family: georgia,serif;\">L&rsquo;HYPNOSE ?</span></span></h1>\r\n<hr />\r\n<p>\r\n	&nbsp;</p>\r\n<p style=\"text-align: justify;\">\r\n	<br />\r\n	<span style=\"font-size:14px;\"><span style=\"font-family: verdana,geneva,sans-serif;\">L&rsquo;utilisation de l&rsquo;hypnose dans la th&eacute;rapie et l&rsquo;accompagnement permet un changement rapide de la personne dans ses comportements, en lui permettant d&rsquo;utiliser &laquo; naturellement &raquo; ses propres ressources et capacit&eacute;s cr&eacute;atrices.<br />\r\n	<br />\r\n	<br />\r\n	L&rsquo;hypnose Ericksonienne, qui tient son nom de Milton Erickson, est un ensemble de techniques de th&eacute;rapies utilisant l&rsquo;hypnose pour acc&eacute;l&eacute;rer et renforcer les changements de la personne.<br />\r\n	Erickson d&eacute;finit l&rsquo;hypnose comme &laquo; l&#39;&eacute;vocation et l&#39;utilisation des apprentissages inconscients. L&#39;inconscient accomplit des faits dont le conscient est incapable, et qu&#39;il ne con&ccedil;oit souvent m&ecirc;me pas. &raquo;.<br />\r\n	<br />\r\n	<br />\r\n	&nbsp;En utilisant les suggestions hypnotiques, l&rsquo;hypnoth&eacute;rapeute dispose d&rsquo;un outil privil&eacute;gi&eacute; pour aider le patient &agrave; modifier un comportement, un apprentissage, et la perception d&rsquo;une situation.<br />\r\n	<br />\r\n	<br />\r\n	Milton Erickson (1901-1980) psychiatre am&eacute;ricain, d&eacute;veloppa l&rsquo;hypnose comme puissante technique de soins au service de ce qu&rsquo;on appela ensuite les th&eacute;rapies br&egrave;ves. Par son approche empirique et utilisationnelle de la personnalit&eacute; et des comportements de ses patients, il a montr&eacute; que chaque&nbsp; individu poss&egrave;de en lui ses ressources particuli&egrave;res qui vont l&rsquo;aider &agrave; ce moment particulier.<br />\r\n	<br />\r\n	Erickson apporte l&rsquo;id&eacute;e fondamentale que l&rsquo;inconscient de la personne est une partie bienveillante et utile &agrave; cette personne, v&eacute;ritable r&eacute;servoir de ressources et de connaissances, source de tous les changements et apprentissages possibles.<br />\r\n	<br />\r\n	<br />\r\n	L&rsquo;&eacute;tat d&rsquo;hypnose, aussi appel&eacute; &laquo; transe &raquo; ou &laquo; &Eacute;tat Modifi&eacute; de Conscience &ndash; EMC &raquo; ou encore &laquo; veille &raquo; ou bien &laquo; sommeil hypnotique &raquo; est en fait un &eacute;tat naturel que nous traversons naturellement tous les jours en passant de l&rsquo;&eacute;tat &eacute;veill&eacute; au sommeil.&nbsp;&nbsp;<br />\r\n	<em>&nbsp;&nbsp;&nbsp;&nbsp;&nbsp;&nbsp; transe : (&eacute;tym.) au milieu, passage..&nbsp; .</em></span></span></p>\r\n<p style=\"text-align: justify;\">\r\n	<br />\r\n	<span style=\"font-size: 14px;\"><span style=\"font-family: verdana,geneva,sans-serif;\">Lorsque nous r&eacute;alisons que nous venons de traverser un &laquo;moment d&rsquo;absence&raquo; en conduisant, en marchant, au cours d&rsquo;un repas, en cours&hellip; on se dit qu&rsquo;on &eacute;tait &laquo;parti ailleurs&raquo;,&nbsp; pendant qu&rsquo;on a continu&eacute; &agrave; fonctionner tout &agrave; fait correctement...<br />\r\n	et bien dans ces moments l&agrave; nous venons d&rsquo;exp&eacute;rimenter naturellement un &eacute;tat de transe, ou EMC. Formidable, non ?</span></span></p>\r\n<h1 style=\"text-align: justify;\">\r\n	<br />\r\n	<span style=\"font-size: 14px;\"><span style=\"font-family: verdana,geneva,sans-serif;\"><span style=\"color:#ff3300;\"><span style=\"font-size: 16px;\"><span style=\"font-family: georgia,serif;\">Et la PNL ?</span></span></span></span></span></h1>\r\n<p style=\"text-align: justify;\">\r\n	<br />\r\n	<span style=\"font-size: 14px;\"><span style=\"font-family: verdana,geneva,sans-serif;\">Les m&eacute;thodes et l&rsquo;efficacit&eacute; de Milton Erickson ont &eacute;t&eacute; mod&eacute;lis&eacute;e par les cr&eacute;ateurs de la PNL (Programmation Neuro Linguistique) John Grinder et Richard Bandler dans les ann&eacute;es 1970. La PNL propose un cadre linguistique de communication destin&eacute; au d&eacute;veloppement personnel et &agrave; l&rsquo;am&eacute;lioration de la communication entre les personnes, dans un contexte personnel ou professionnel. Pratiquer la PNL c&rsquo;est utiliser naturellement la logique de notre esprit propre sans s&rsquo;encombrer de nos croyances limitantes. L&agrave; aussi c&rsquo;est en profitant des capacit&eacute;s extraordinaires d&rsquo;&eacute;volution et de changement que notre inconscient nous propose.</span></span></p>\r\n<p style=\"text-align: justify;\">\r\n	&nbsp;</p>\r\n<h1 style=\"text-align: justify;\">\r\n	<br />\r\n	<span style=\"font-size: 14px;\"><span style=\"font-family: verdana,geneva,sans-serif;\"><span style=\"color:#ff3300;\"><span style=\"font-size: 18px;\"><span style=\"font-family: georgia,serif;\">Pour quoi, pour qui ?</span></span></span></span></span></h1>\r\n<p style=\"text-align: justify;\">\r\n	<br />\r\n	<span style=\"font-size: 14px;\"><span style=\"font-family: verdana,geneva,sans-serif;\">Les indications sont nombreuses (voir une liste &eacute;tendue dans la page Indications) depuis les allergies, les phobies, les comportements &agrave; r&eacute;p&eacute;titions, les probl&egrave;mes de poids, l&rsquo;arr&ecirc;t du tabac, la confiance en soi et la gestion du stress et aussi les deuils, accompagnement de la douleur, accompagnement de gu&eacute;risons, jusqu&#39;&agrave; la pr&eacute;paration mentale et sportive.<br />\r\n	<br />\r\n	Bien entendu pour une jambe cass&eacute;e, une angine, un infarctus, si vous avez bu le flacon de d&eacute;boucheur liquide par inadvertance alors voyez votre m&eacute;decin !&nbsp; L&rsquo;hypnose pourra vous aider ensuite pour la r&eacute;paration de ces attaques m&eacute;caniques ou virales du corps, sans se substituer aux rem&egrave;des et traitements m&eacute;dicaux.<br />\r\n	<br />\r\n	Les personnes diagnostiqu&eacute;es de troubles dissociatifs par la psychiatrie ne sont pas trait&eacute;es par l&rsquo;hypnose.</span></span></p>\r\n<p>\r\n	<br />\r\n	&nbsp;</p>\r\n','',1,0,0,13,'2011-04-21 14:03:07',42,'','2011-04-21 16:02:19',42,0,'0000-00-00 00:00:00','2011-04-21 14:03:07','0000-00-00 00:00:00','','','{\"show_title\":\"\",\"link_titles\":\"\",\"show_intro\":\"\",\"show_category\":\"\",\"link_category\":\"\",\"show_parent_category\":\"\",\"link_parent_category\":\"\",\"show_author\":\"\",\"link_author\":\"\",\"show_create_date\":\"\",\"show_modify_date\":\"\",\"show_publish_date\":\"\",\"show_item_navigation\":\"\",\"show_icons\":\"\",\"show_print_icon\":\"\",\"show_email_icon\":\"\",\"show_vote\":\"\",\"show_hits\":\"\",\"show_noauth\":\"\",\"alternative_readmore\":\"\",\"article_layout\":\"\"}',5,0,0,'','',1,173,'{\"robots\":\"\",\"author\":\"\",\"rights\":\"\",\"xreference\":\"\"}',0,'*',''),(5,44,'INDICATIONS','indications','','<h1>\r\n	<span style=\"color:#ff3300;\"><span style=\"font-family: georgia,serif;\">INDICATIONS</span></span></h1>\r\n<hr />\r\n<p style=\"text-align: justify;\">\r\n	<br />\r\n	<br />\r\n	<span style=\"font-size:14px;\"><span style=\"font-family: verdana,geneva,sans-serif;\">Les indications sont nombreuses depuis les allergies, les phobies, les comportements &agrave; r&eacute;p&eacute;titions, les probl&egrave;mes de poids, l&rsquo;arr&ecirc;t du tabac, la confiance en soi et la gestion du stress et aussi les deuils, accompagnement de la douleur, accompagnement de gu&eacute;risons, jusqu&#39;&agrave; la pr&eacute;paration mentale et sportive.<br />\r\n	<br />\r\n	Bien entendu pour une jambe cass&eacute;e, une angine, un infarctus, si vous avez bu le flacon de d&eacute;boucheur liquide par inadvertance alors voyez votre m&eacute;decin !&nbsp; L&rsquo;hypnose pourra vous aider ensuite pour la r&eacute;paration de ces attaques m&eacute;caniques ou virales du corps, sans se substituer aux rem&egrave;des et traitements m&eacute;dicaux.<br />\r\n	<br />\r\n	Les personnes diagnostiqu&eacute;es de troubles dissociatifs par la psychiatrie ne sont pas trait&eacute;es par l&rsquo;hypnose.<br />\r\n	<br />\r\n	Il s&rsquo;agit avant tout de savoir comment utiliser l&rsquo;hypnose dans le cas qui nous int&eacute;resse.<br />\r\n	Les indications<br />\r\n	<br />\r\n	Voici une liste <span style=\"color:#ff8c00;\">non exhaustive</span> , selon les th&eacute;rapies de Milton Erickson et la litt&eacute;rature scientifique th&eacute;rapeutique :<br />\r\n	<br />\r\n	&bull;&nbsp;&nbsp;<span style=\"color:#000080;\">&nbsp; Addictions et troubles obsessionnels compulsifs : tabac, drogue, m&eacute;dicaments, sucer son pouce, onychophagie, anorexie, boulimie, ob&eacute;sit&eacute;, &eacute;nur&eacute;sie, pollakiurie<br />\r\n	&bull;&nbsp;&nbsp;&nbsp; Phobies : agoraphobie, claustrophobie, des avions, ascenseurs, dentiste&hellip;<br />\r\n	&bull;&nbsp;&nbsp;&nbsp; Douleurs : anesth&eacute;sie, analg&eacute;sie, migraines, accouchements<br />\r\n	&bull;&nbsp;&nbsp;&nbsp; Maladies de peau : verrue, acn&eacute;, psoriasis, herp&egrave;s<br />\r\n	&bull;&nbsp;&nbsp;&nbsp; Anxi&eacute;t&eacute; : panique, asthme, ulc&egrave;res, d&eacute;pression, stress, mal-&ecirc;tre<br />\r\n	&bull;&nbsp;&nbsp;&nbsp; Probl&egrave;mes de croissance : taille, seins<br />\r\n	&bull;&nbsp;&nbsp;&nbsp; Relations familiales<br />\r\n	&bull;&nbsp;&nbsp;&nbsp; Divers : insomnie, procrastination, hoquet, apprentissage de la lecture, examens, tics et b&eacute;gaiement, st&eacute;rilit&eacute;, impuissance, frigidit&eacute;, anorgasmie<br />\r\n	<br />\r\n	&bull;&nbsp;&nbsp;&nbsp; Pr&eacute;paration :</span></span></span></p>\r\n<ul style=\"list-style-type: square;\">\r\n	<li style=\"text-align: justify;\">\r\n		<span style=\"color:#000080;\"><span style=\"font-size: 14px;\"><span style=\"font-family: verdana,geneva,sans-serif;\">entrainement &agrave; la concentration, &agrave; la performance : &eacute;tudes, sports, examens<span style=\"display: none;\"> </span></span></span></span></li>\r\n	<li style=\"text-align: justify;\">\r\n		<span style=\"color:#000080;\"><span style=\"font-size: 14px;\"><span style=\"font-family: verdana,geneva,sans-serif;\">d&eacute;finition d&rsquo;objectifs, atteinte d&rsquo;objectifs, prise de d&eacute;cision</span></span></span><span style=\"display: none;\">&nbsp;</span></li>\r\n</ul>\r\n<p style=\"text-align: justify;\">\r\n	&nbsp;</p>\r\n<p>\r\n	&nbsp;</p>\r\n','',1,0,0,9,'2011-04-21 14:12:21',42,'','2011-04-21 16:05:10',42,0,'0000-00-00 00:00:00','2011-04-21 14:12:21','0000-00-00 00:00:00','','','{\"show_title\":\"\",\"link_titles\":\"\",\"show_intro\":\"\",\"show_category\":\"\",\"link_category\":\"\",\"show_parent_category\":\"\",\"link_parent_category\":\"\",\"show_author\":\"\",\"link_author\":\"\",\"show_create_date\":\"\",\"show_modify_date\":\"\",\"show_publish_date\":\"\",\"show_item_navigation\":\"\",\"show_icons\":\"\",\"show_print_icon\":\"\",\"show_email_icon\":\"\",\"show_vote\":\"\",\"show_hits\":\"\",\"show_noauth\":\"\",\"alternative_readmore\":\"\",\"article_layout\":\"\"}',5,0,0,'','',1,266,'{\"robots\":\"\",\"author\":\"\",\"rights\":\"\",\"xreference\":\"\"}',0,'*',''),(6,45,'Poids','poids','','<h1>\r\n	<span style=\"color:#ff3300;\"><span style=\"font-family: georgia,serif;\">LE POIDS : en perdre, en prendre ..</span></span></h1>\r\n<hr />\r\n<p style=\"text-align: justify;\">\r\n	<br />\r\n	<span style=\"font-size:16px;\"><span style=\"color: rgb(255, 51, 0);\"><span style=\"font-family: georgia,serif;\"><em><strong>Comment c&rsquo;est quand je suis bien, dans et avec, mon corps et mon poids ?</strong></em></span></span></span><br />\r\n	<br />\r\n	<br />\r\n	<span style=\"font-size:14px;\"><span style=\"font-family: verdana,geneva,sans-serif;\">Se nourrir est indispensable et peut aussi &ecirc;tre un plaisir &agrave; chaque fois !<br />\r\n	Les aliments sont bons pour nous, comment se fait&#39;il que le corps sur-r&eacute;agisse ?<br />\r\n	<br />\r\n	<br />\r\n	Les probl&egrave;mes de poids peuvent &ecirc;tre li&eacute;s &agrave; des habitudes alimentaires, que l&rsquo;inconscient, &agrave; l&rsquo;aide de croyances bien ancr&eacute;es, pensant bien faire, renforce dans des comportements devenus difficiles &agrave; modifier consciemment.&nbsp; &nbsp;<br />\r\n	Se voir avec son poids et ses formes id&eacute;ales pour soi m&ecirc;me, se voir &ecirc;tre dans ce nouveau soi, &ecirc;tre ce nouveau moi&hellip;<br />\r\n	<br />\r\n	<br />\r\n	Le th&eacute;rapeute accompagne la personne vers son &eacute;tat d&eacute;sir&eacute;, l&rsquo;hypnose aidant &agrave; la &lsquo;reprogrammation&rsquo; des comportements inconscients autour de la nourriture.</span></span></p>\r\n<p style=\"text-align: justify;\">\r\n	&nbsp;</p>\r\n<p style=\"text-align: justify;\">\r\n	<br />\r\n	<br />\r\n	&nbsp;</p>\r\n','',1,0,0,10,'2011-04-21 14:14:20',42,'','2011-04-21 16:05:38',42,0,'0000-00-00 00:00:00','2011-04-21 14:14:20','0000-00-00 00:00:00','','','{\"show_title\":\"\",\"link_titles\":\"\",\"show_intro\":\"\",\"show_category\":\"\",\"link_category\":\"\",\"show_parent_category\":\"\",\"link_parent_category\":\"\",\"show_author\":\"\",\"link_author\":\"\",\"show_create_date\":\"\",\"show_modify_date\":\"\",\"show_publish_date\":\"\",\"show_item_navigation\":\"\",\"show_icons\":\"\",\"show_print_icon\":\"\",\"show_email_icon\":\"\",\"show_vote\":\"\",\"show_hits\":\"\",\"show_noauth\":\"\",\"alternative_readmore\":\"\",\"article_layout\":\"\"}',3,0,0,'','',1,206,'{\"robots\":\"\",\"author\":\"\",\"rights\":\"\",\"xreference\":\"\"}',0,'*',''),(7,46,'Tabac','tabac','','<h1>\r\n	<span style=\"color:#ff3300;\"><span style=\"font-family: georgia,serif;\">LE TABAC</span></span></h1>\r\n<hr />\r\n<p style=\"text-align: justify;\">\r\n	<br />\r\n	<span style=\"color:#66cc66;\"><span style=\"font-size: 16px;\"><span style=\"font-family: verdana,geneva,sans-serif;\"><em><strong>Qu&rsquo;est-ce que je vais faire de ce temps gagn&eacute; tout neuf et tout propre ?</strong></em></span></span></span><br />\r\n	<br />\r\n	<br />\r\n	<span style=\"font-size:14px;\"><span style=\"font-family: verdana,geneva,sans-serif;\">Vouloir arr&ecirc;ter de fumer, c&rsquo;est aussi naturel que de vouloir ouvrir son parachute : pour l&rsquo;instant &ccedil;a va mais dans un moment les conditions de vie ne seront plus les m&ecirc;mes.<br />\r\n	<br />\r\n	Les compensations que l&rsquo;on se donne en fumant sont multiples et propres &agrave; chacun. Les tentatives anciennes ou r&eacute;centes pour abandonner l&rsquo;habitude ou l&rsquo;addiction au tabac sont autant de marches vers la r&eacute;ussite.<br />\r\n	<br />\r\n	Le th&eacute;rapeute propose par des techniques appropri&eacute;es &agrave; la personne les moyens de changer son comportement &lsquo;accro&rsquo;.</span></span></p>\r\n<p style=\"text-align: justify;\">\r\n	&nbsp;</p>\r\n<p style=\"text-align: justify;\">\r\n	<br />\r\n	&nbsp;</p>\r\n','',1,0,0,2,'2011-04-21 14:16:31',42,'','2011-04-21 16:05:58',42,0,'0000-00-00 00:00:00','2011-04-21 14:16:31','0000-00-00 00:00:00','','','{\"show_title\":\"\",\"link_titles\":\"\",\"show_intro\":\"\",\"show_category\":\"\",\"link_category\":\"\",\"show_parent_category\":\"\",\"link_parent_category\":\"\",\"show_author\":\"\",\"link_author\":\"\",\"show_create_date\":\"\",\"show_modify_date\":\"\",\"show_publish_date\":\"\",\"show_item_navigation\":\"\",\"show_icons\":\"\",\"show_print_icon\":\"\",\"show_email_icon\":\"\",\"show_vote\":\"\",\"show_hits\":\"\",\"show_noauth\":\"\",\"alternative_readmore\":\"\",\"article_layout\":\"\"}',2,0,1,'','',1,182,'{\"robots\":\"\",\"author\":\"\",\"rights\":\"\",\"xreference\":\"\"}',0,'*',''),(8,47,'Thérapie et développement personnel','therapiedevperso','','<h1>\r\n	<span style=\"color:#ff3300;\"><span style=\"font-family: georgia,serif;\">TH&Eacute;RAPIE ET D&Eacute;VELOPPEMENT PERSONNEL</span></span></h1>\r\n<hr />\r\n<p style=\"text-align: justify;\">\r\n	<br />\r\n	<span style=\"color:#ff3300;\"><span style=\"font-size: 16px;\"><span style=\"font-family: georgia,serif;\"><em><strong>Qu&rsquo;est ce qui se passera quand je vais r&eacute;ussir ?</strong></em></span></span></span><br />\r\n	<br />\r\n	<br />\r\n	<span style=\"font-size:14px;\"><span style=\"font-family: verdana,geneva,sans-serif;\">Troubles et probl&egrave;mes comportementaux, allergies, phobies, anxi&eacute;t&eacute;s : notre inconscient qui en est responsable est aussi notre meilleur alli&eacute; pour les traiter rapidement et durablement.<br />\r\n	.. Je ne peux pas m&rsquo;emp&ecirc;cher de trembler un peu quand j&rsquo;entends une sir&egrave;ne&hellip;&nbsp;&nbsp;&nbsp;&nbsp; J&rsquo;ai peur de l&rsquo;avion&hellip;&nbsp; Depuis toujours je n&rsquo;arrive pas &agrave; dormir&hellip; Il faut toujours que j&rsquo;ach&egrave;te dans un magasin&hellip;<br />\r\n	<br />\r\n	&laquo; Stress &raquo;, &laquo; pression &raquo; sont aussi des carburants quand ils sont acceptables c&#39;est-&agrave;-dire &agrave; l&rsquo;int&eacute;rieur de nos limites.&nbsp; Se pr&eacute;parer &agrave; un examen, &agrave; une &eacute;preuve physique ou sportive, trouver et renforcer sa confiance en soi,&nbsp; trouver et se donner ses propres objectifs, mettre en &oelig;uvre nos bonnes ressources pour y parvenir&hellip;<br />\r\n	&nbsp;Bien souvent nos limites sont dans nos blocages inconscients ou conscients que sont nos croyances limitantes. Leur impact agit non seulement sur nos comportements mais aussi sur notre sant&eacute;.<br />\r\n	&nbsp;<br />\r\n	Des &eacute;v&egrave;nements ext&eacute;rieurs peuvent aussi nous affecter : deuils, d&eacute;parts, accidents&hellip;&nbsp; qui pertubent, freinent nos vies, qui nous font mal.&nbsp; Parfois on a m&ecirc;me oubli&eacute; la cause de ce mal-&ecirc;tre qui nous alourdit.<br />\r\n	<br />\r\n	D&eacute;sir de bien-&ecirc;tre, de relaxation, recherche d&rsquo;harmonie avec soi-m&ecirc;me et ses proches, autant de voies (voix) d&rsquo;&eacute;volution vers un &laquo; aller mieux &raquo; ou &laquo; aller bien &raquo;.<br />\r\n	<br />\r\n	Le th&eacute;rapeute vous guide en sollicitant votre inconscient et ses capacit&eacute;s cr&eacute;atrices vers vos solutions, durablement.</span></span><br />\r\n	<br />\r\n	&nbsp;</p>\r\n<p>\r\n	&nbsp;</p>\r\n','',1,0,0,2,'2011-04-21 14:18:35',42,'','2011-04-21 16:06:23',42,0,'0000-00-00 00:00:00','2011-04-21 14:18:35','0000-00-00 00:00:00','','','{\"show_title\":\"\",\"link_titles\":\"\",\"show_intro\":\"\",\"show_category\":\"\",\"link_category\":\"\",\"show_parent_category\":\"\",\"link_parent_category\":\"\",\"show_author\":\"\",\"link_author\":\"\",\"show_create_date\":\"\",\"show_modify_date\":\"\",\"show_publish_date\":\"\",\"show_item_navigation\":\"\",\"show_icons\":\"\",\"show_print_icon\":\"\",\"show_email_icon\":\"\",\"show_vote\":\"\",\"show_hits\":\"\",\"show_noauth\":\"\",\"alternative_readmore\":\"\",\"article_layout\":\"\"}',2,0,0,'','',1,281,'{\"robots\":\"\",\"author\":\"\",\"rights\":\"\",\"xreference\":\"\"}',0,'*','');
CREATE TABLE `hypn01_content_frontpage` (
  `content_id` int(11) NOT NULL DEFAULT '0',
  `ordering` int(11) NOT NULL DEFAULT '0',
  PRIMARY KEY (`content_id`)
) ENGINE=InnoDB DEFAULT CHARSET=utf8;

CREATE TABLE `hypn01_content_rating` (
  `content_id` int(11) NOT NULL DEFAULT '0',
  `rating_sum` int(10) unsigned NOT NULL DEFAULT '0',
  `rating_count` int(10) unsigned NOT NULL DEFAULT '0',
  `lastip` varchar(50) NOT NULL DEFAULT '',
  PRIMARY KEY (`content_id`)
) ENGINE=InnoDB DEFAULT CHARSET=utf8;

CREATE TABLE `hypn01_core_log_searches` (
  `search_term` varchar(128) NOT NULL DEFAULT '',
  `hits` int(10) unsigned NOT NULL DEFAULT '0'
) ENGINE=InnoDB DEFAULT CHARSET=utf8;

CREATE TABLE `hypn01_extensions` (
  `extension_id` int(11) NOT NULL AUTO_INCREMENT,
  `name` varchar(100) NOT NULL,
  `type` varchar(20) NOT NULL,
  `element` varchar(100) NOT NULL,
  `folder` varchar(100) NOT NULL,
  `client_id` tinyint(3) NOT NULL,
  `enabled` tinyint(3) NOT NULL DEFAULT '1',
  `access` tinyint(3) unsigned NOT NULL DEFAULT '1',
  `protected` tinyint(3) NOT NULL DEFAULT '0',
  `manifest_cache` text NOT NULL,
  `params` text NOT NULL,
  `custom_data` text NOT NULL,
  `system_data` text NOT NULL,
  `checked_out` int(10) unsigned NOT NULL DEFAULT '0',
  `checked_out_time` datetime NOT NULL DEFAULT '0000-00-00 00:00:00',
  `ordering` int(11) DEFAULT '0',
  `state` int(11) DEFAULT '0',
  PRIMARY KEY (`extension_id`),
  KEY `element_clientid` (`element`,`client_id`),
  KEY `element_folder_clientid` (`element`,`folder`,`client_id`),
  KEY `extension` (`type`,`element`,`folder`,`client_id`)
) ENGINE=InnoDB AUTO_INCREMENT=10003 DEFAULT CHARSET=utf8;

INSERT INTO `hypn01_extensions` VALUES (1,'com_mailto','component','com_mailto','',0,1,1,1,'','','','',0,'0000-00-00 00:00:00',0,0),(2,'com_wrapper','component','com_wrapper','',0,1,1,1,'','','','',0,'0000-00-00 00:00:00',0,0),(3,'com_admin','component','com_admin','',1,1,1,1,'','','','',0,'0000-00-00 00:00:00',0,0),(4,'com_banners','component','com_banners','',1,1,1,0,'','{\"purchase_type\":\"3\",\"track_impressions\":\"0\",\"track_clicks\":\"0\",\"metakey_prefix\":\"\"}','','',0,'0000-00-00 00:00:00',0,0),(5,'com_cache','component','com_cache','',1,1,1,1,'','','','',0,'0000-00-00 00:00:00',0,0),(6,'com_categories','component','com_categories','',1,1,1,1,'','','','',0,'0000-00-00 00:00:00',0,0),(7,'com_checkin','component','com_checkin','',1,1,1,1,'','','','',0,'0000-00-00 00:00:00',0,0),(8,'com_contact','component','com_contact','',1,1,1,0,'','{\"show_contact_category\":\"hide\",\"show_contact_list\":\"0\",\"presentation_style\":\"sliders\",\"show_name\":\"1\",\"show_position\":\"1\",\"show_email\":\"0\",\"show_street_address\":\"1\",\"show_suburb\":\"1\",\"show_state\":\"1\",\"show_postcode\":\"1\",\"show_country\":\"1\",\"show_telephone\":\"1\",\"show_mobile\":\"1\",\"show_fax\":\"1\",\"show_webpage\":\"1\",\"show_misc\":\"1\",\"show_image\":\"1\",\"image\":\"\",\"allow_vcard\":\"0\",\"show_articles\":\"0\",\"show_profile\":\"0\",\"show_links\":\"0\",\"linka_name\":\"\",\"linkb_name\":\"\",\"linkc_name\":\"\",\"linkd_name\":\"\",\"linke_name\":\"\",\"contact_icons\":\"0\",\"icon_address\":\"\",\"icon_email\":\"\",\"icon_telephone\":\"\",\"icon_mobile\":\"\",\"icon_fax\":\"\",\"icon_misc\":\"\",\"show_headings\":\"1\",\"show_position_headings\":\"1\",\"show_email_headings\":\"0\",\"show_telephone_headings\":\"1\",\"show_mobile_headings\":\"0\",\"show_fax_headings\":\"0\",\"allow_vcard_headings\":\"0\",\"show_suburb_headings\":\"1\",\"show_state_headings\":\"1\",\"show_country_headings\":\"1\",\"show_email_form\":\"1\",\"show_email_copy\":\"1\",\"banned_email\":\"\",\"banned_subject\":\"\",\"banned_text\":\"\",\"validate_session\":\"1\",\"custom_reply\":\"0\",\"redirect\":\"\",\"show_category_crumb\":\"0\",\"metakey\":\"\",\"metadesc\":\"\",\"robots\":\"\",\"author\":\"\",\"rights\":\"\",\"xreference\":\"\"}','','',0,'0000-00-00 00:00:00',0,0),(9,'com_cpanel','component','com_cpanel','',1,1,1,1,'','','','',0,'0000-00-00 00:00:00',0,0),(10,'com_installer','component','com_installer','',1,1,1,1,'','{}','','',0,'0000-00-00 00:00:00',0,0),(11,'com_languages','component','com_languages','',1,1,1,1,'','{\"administrator\":\"en-GB\",\"site\":\"en-GB\"}','','',0,'0000-00-00 00:00:00',0,0),(12,'com_login','component','com_login','',1,1,1,1,'','','','',0,'0000-00-00 00:00:00',0,0),(13,'com_media','component','com_media','',1,1,0,1,'','{\"upload_extensions\":\"bmp,csv,doc,gif,ico,jpg,jpeg,odg,odp,ods,odt,pdf,png,ppt,swf,txt,xcf,xls,BMP,CSV,DOC,GIF,ICO,JPG,JPEG,ODG,ODP,ODS,ODT,PDF,PNG,PPT,SWF,TXT,XCF,XLS\",\"upload_maxsize\":\"10\",\"file_path\":\"images\",\"image_path\":\"images\",\"restrict_uploads\":\"1\",\"allowed_media_usergroup\":\"3\",\"check_mime\":\"1\",\"image_extensions\":\"bmp,gif,jpg,png\",\"ignore_extensions\":\"\",\"upload_mime\":\"image\\/jpeg,image\\/gif,image\\/png,image\\/bmp,application\\/x-shockwave-flash,application\\/msword,application\\/excel,application\\/pdf,application\\/powerpoint,text\\/plain,application\\/x-zip\",\"upload_mime_illegal\":\"text\\/html\",\"enable_flash\":\"0\"}','','',0,'0000-00-00 00:00:00',0,0),(14,'com_menus','component','com_menus','',1,1,1,1,'','{}','','',0,'0000-00-00 00:00:00',0,0),(15,'com_messages','component','com_messages','',1,1,1,1,'','','','',0,'0000-00-00 00:00:00',0,0),(16,'com_modules','component','com_modules','',1,1,1,1,'','{}','','',0,'0000-00-00 00:00:00',0,0),(17,'com_newsfeeds','component','com_newsfeeds','',1,1,1,0,'','{\"show_feed_image\":\"1\",\"show_feed_description\":\"1\",\"show_item_description\":\"1\",\"feed_word_count\":\"0\",\"show_headings\":\"1\",\"show_name\":\"1\",\"show_articles\":\"0\",\"show_link\":\"1\",\"show_description\":\"1\",\"show_description_image\":\"1\",\"display_num\":\"\",\"show_pagination_limit\":\"1\",\"show_pagination\":\"1\",\"show_pagination_results\":\"1\",\"show_cat_items\":\"1\"}','','',0,'0000-00-00 00:00:00',0,0),(18,'com_plugins','component','com_plugins','',1,1,1,1,'','{}','','',0,'0000-00-00 00:00:00',0,0),(19,'com_search','component','com_search','',1,1,1,1,'','{\"enabled\":\"0\",\"show_date\":\"1\"}','','',0,'0000-00-00 00:00:00',0,0),(20,'com_templates','component','com_templates','',1,1,1,1,'','{\"template_positions_display\":\"1\"}','','',0,'0000-00-00 00:00:00',0,0),(21,'com_weblinks','component','com_weblinks','',1,1,1,0,'','{\"show_comp_description\":\"1\",\"comp_description\":\"\",\"show_link_hits\":\"1\",\"show_link_description\":\"1\",\"show_other_cats\":\"0\",\"show_headings\":\"0\",\"show_numbers\":\"0\",\"show_report\":\"1\",\"count_clicks\":\"1\",\"target\":\"0\",\"link_icons\":\"\"}','','',0,'0000-00-00 00:00:00',0,0),(22,'com_content','component','com_content','',1,1,0,1,'','{\"article_layout\":\"hypnotplt1:form\",\"show_title\":\"0\",\"link_titles\":\"0\",\"show_intro\":\"0\",\"show_category\":\"0\",\"link_category\":\"0\",\"show_parent_category\":\"0\",\"link_parent_category\":\"0\",\"show_author\":\"0\",\"link_author\":\"0\",\"show_create_date\":\"0\",\"show_modify_date\":\"0\",\"show_publish_date\":\"0\",\"show_item_navigation\":\"0\",\"show_vote\":\"0\",\"show_readmore\":\"0\",\"show_readmore_title\":\"0\",\"readmore_limit\":\"100\",\"show_icons\":\"0\",\"show_print_icon\":\"0\",\"show_email_icon\":\"0\",\"show_hits\":\"0\",\"show_noauth\":\"0\",\"category_layout\":\"_:blog\",\"show_category_title\":\"0\",\"show_description\":\"0\",\"show_description_image\":\"0\",\"maxLevel\":\"1\",\"show_empty_categories\":\"0\",\"show_no_articles\":\"1\",\"show_subcat_desc\":\"0\",\"show_cat_num_articles\":\"0\",\"show_base_description\":\"0\",\"maxLevelcat\":\"-1\",\"show_empty_categories_cat\":\"0\",\"show_subcat_desc_cat\":\"0\",\"show_cat_num_articles_cat\":\"0\",\"num_leading_articles\":\"1\",\"num_intro_articles\":\"4\",\"num_columns\":\"2\",\"num_links\":\"4\",\"multi_column_order\":\"0\",\"show_subcategory_content\":\"0\",\"orderby_pri\":\"order\",\"orderby_sec\":\"rdate\",\"order_date\":\"published\",\"show_pagination_limit\":\"0\",\"filter_field\":\"hide\",\"show_headings\":\"0\",\"list_show_date\":\"0\",\"date_format\":\"\",\"list_show_hits\":\"0\",\"list_show_author\":\"0\",\"show_pagination\":\"2\",\"show_pagination_results\":\"1\",\"show_feed_link\":\"0\",\"feed_summary\":\"0\",\"filters\":{\"1\":{\"filter_type\":\"BL\",\"filter_tags\":\"\",\"filter_attributes\":\"\"},\"6\":{\"filter_type\":\"BL\",\"filter_tags\":\"\",\"filter_attributes\":\"\"},\"7\":{\"filter_type\":\"BL\",\"filter_tags\":\"\",\"filter_attributes\":\"\"},\"2\":{\"filter_type\":\"BL\",\"filter_tags\":\"\",\"filter_attributes\":\"\"},\"3\":{\"filter_type\":\"BL\",\"filter_tags\":\"\",\"filter_attributes\":\"\"},\"4\":{\"filter_type\":\"BL\",\"filter_tags\":\"\",\"filter_attributes\":\"\"},\"5\":{\"filter_type\":\"BL\",\"filter_tags\":\"\",\"filter_attributes\":\"\"},\"8\":{\"filter_type\":\"BL\",\"filter_tags\":\"\",\"filter_attributes\":\"\"}}}','','',0,'0000-00-00 00:00:00',0,0),(23,'com_config','component','com_config','',1,1,0,1,'','','','',0,'0000-00-00 00:00:00',0,0),(24,'com_redirect','component','com_redirect','',1,1,0,1,'','{}','','',0,'0000-00-00 00:00:00',0,0),(25,'com_users','component','com_users','',1,1,0,1,'','{\"allowUserRegistration\":\"1\",\"new_usertype\":\"2\",\"useractivation\":\"1\",\"frontend_userparams\":\"1\",\"mailSubjectPrefix\":\"\",\"mailBodySuffix\":\"\"}','','',0,'0000-00-00 00:00:00',0,0),(100,'PHPMailer','library','phpmailer','',0,1,1,1,'','','','',0,'0000-00-00 00:00:00',0,0),(101,'SimplePie','library','simplepie','',0,1,1,1,'','','','',0,'0000-00-00 00:00:00',0,0),(102,'phputf8','library','phputf8','',0,1,1,1,'','','','',0,'0000-00-00 00:00:00',0,0),(103,'Joomla! Web Application Framework','library','joomla','',0,1,1,1,'{\"legacy\":false,\"name\":\"Joomla! Web Application Framework\",\"type\":\"library\",\"creationDate\":\"2008\",\"author\":\"Joomla\",\"copyright\":\"Copyright (C) 2005 - 2011 Open Source Matters. All rights reserved.\",\"authorEmail\":\"admin@joomla.org\",\"authorUrl\":\"http:\\/\\/www.joomla.org\",\"version\":\"1.6.0\",\"description\":\"The Joomla! Web Application Framework is the Core of the Joomla! Content Management System\",\"group\":\"\"}','{}','','',0,'0000-00-00 00:00:00',0,0),(200,'mod_articles_archive','module','mod_articles_archive','',0,1,1,1,'','','','',0,'0000-00-00 00:00:00',0,0),(201,'mod_articles_latest','module','mod_articles_latest','',0,1,1,1,'','','','',0,'0000-00-00 00:00:00',0,0),(202,'mod_articles_popular','module','mod_articles_popular','',0,1,1,0,'','','','',0,'0000-00-00 00:00:00',0,0),(203,'mod_banners','module','mod_banners','',0,1,1,1,'','','','',0,'0000-00-00 00:00:00',0,0),(204,'mod_breadcrumbs','module','mod_breadcrumbs','',0,1,1,1,'','','','',0,'0000-00-00 00:00:00',0,0),(205,'mod_custom','module','mod_custom','',0,1,1,1,'','','','',0,'0000-00-00 00:00:00',0,0),(206,'mod_feed','module','mod_feed','',0,1,1,1,'','','','',0,'0000-00-00 00:00:00',0,0),(207,'mod_footer','module','mod_footer','',0,1,1,1,'','','','',0,'0000-00-00 00:00:00',0,0),(208,'mod_login','module','mod_login','',0,1,1,1,'','','','',0,'0000-00-00 00:00:00',0,0),(209,'mod_menu','module','mod_menu','',0,1,1,1,'','','','',0,'0000-00-00 00:00:00',0,0),(210,'mod_articles_news','module','mod_articles_news','',0,1,1,0,'','','','',0,'0000-00-00 00:00:00',0,0),(211,'mod_random_image','module','mod_random_image','',0,1,1,0,'','','','',0,'0000-00-00 00:00:00',0,0),(212,'mod_related_items','module','mod_related_items','',0,1,1,0,'','','','',0,'0000-00-00 00:00:00',0,0),(213,'mod_search','module','mod_search','',0,1,1,0,'','','','',0,'0000-00-00 00:00:00',0,0),(214,'mod_stats','module','mod_stats','',0,1,1,0,'','','','',0,'0000-00-00 00:00:00',0,0),(215,'mod_syndicate','module','mod_syndicate','',0,1,1,1,'','','','',0,'0000-00-00 00:00:00',0,0),(216,'mod_users_latest','module','mod_users_latest','',0,1,1,1,'','','','',0,'0000-00-00 00:00:00',0,0),(217,'mod_weblinks','module','mod_weblinks','',0,1,1,0,'','','','',0,'0000-00-00 00:00:00',0,0),(218,'mod_whosonline','module','mod_whosonline','',0,1,1,0,'','','','',0,'0000-00-00 00:00:00',0,0),(219,'mod_wrapper','module','mod_wrapper','',0,1,1,0,'','','','',0,'0000-00-00 00:00:00',0,0),(220,'mod_articles_category','module','mod_articles_category','',0,1,1,1,'','','','',0,'0000-00-00 00:00:00',0,0),(221,'mod_articles_categories','module','mod_articles_categories','',0,1,1,1,'','','','',0,'0000-00-00 00:00:00',0,0),(222,'mod_languages','module','mod_languages','',0,1,1,1,'','','','',0,'0000-00-00 00:00:00',0,0),(300,'mod_custom','module','mod_custom','',1,1,1,1,'','','','',0,'0000-00-00 00:00:00',0,0),(301,'mod_feed','module','mod_feed','',1,1,1,0,'','','','',0,'0000-00-00 00:00:00',0,0),(302,'mod_latest','module','mod_latest','',1,1,1,0,'','','','',0,'0000-00-00 00:00:00',0,0),(303,'mod_logged','module','mod_logged','',1,1,1,0,'','','','',0,'0000-00-00 00:00:00',0,0),(304,'mod_login','module','mod_login','',1,1,1,1,'','','','',0,'0000-00-00 00:00:00',0,0),(305,'mod_menu','module','mod_menu','',1,1,1,0,'','','','',0,'0000-00-00 00:00:00',0,0),(306,'mod_online','module','mod_online','',1,1,1,1,'','','','',0,'0000-00-00 00:00:00',0,0),(307,'mod_popular','module','mod_popular','',1,1,1,0,'','','','',0,'0000-00-00 00:00:00',0,0),(308,'mod_quickicon','module','mod_quickicon','',1,1,1,1,'','','','',0,'0000-00-00 00:00:00',0,0),(309,'mod_status','module','mod_status','',1,1,1,0,'','','','',0,'0000-00-00 00:00:00',0,0),(310,'mod_submenu','module','mod_submenu','',1,1,1,0,'','','','',0,'0000-00-00 00:00:00',0,0),(311,'mod_title','module','mod_title','',1,1,1,0,'','','','',0,'0000-00-00 00:00:00',0,0),(312,'mod_toolbar','module','mod_toolbar','',1,1,1,1,'','','','',0,'0000-00-00 00:00:00',0,0),(313,'mod_unread','module','mod_unread','',1,1,1,1,'','','','',0,'0000-00-00 00:00:00',0,0),(400,'plg_authentication_gmail','plugin','gmail','authentication',0,0,1,0,'','{\"applysuffix\":\"0\",\"suffix\":\"\",\"verifypeer\":\"1\",\"user_blacklist\":\"\"}','','',0,'0000-00-00 00:00:00',1,0),(401,'plg_authentication_joomla','plugin','joomla','authentication',0,1,1,1,'','{}','','',0,'0000-00-00 00:00:00',0,0),(402,'plg_authentication_ldap','plugin','ldap','authentication',0,0,1,0,'','{\"host\":\"\",\"port\":\"389\",\"use_ldapV3\":\"0\",\"negotiate_tls\":\"0\",\"no_referrals\":\"0\",\"auth_method\":\"bind\",\"base_dn\":\"\",\"search_string\":\"\",\"users_dn\":\"\",\"username\":\"admin\",\"password\":\"bobby7\",\"ldap_fullname\":\"fullName\",\"ldap_email\":\"mail\",\"ldap_uid\":\"uid\"}','','',0,'0000-00-00 00:00:00',3,0),(404,'plg_content_emailcloak','plugin','emailcloak','content',0,1,1,0,'','{\"mode\":\"1\"}','','',0,'0000-00-00 00:00:00',1,0),(405,'plg_content_geshi','plugin','geshi','content',0,0,1,0,'','{}','','',0,'0000-00-00 00:00:00',2,0),(406,'plg_content_loadmodule','plugin','loadmodule','content',0,1,1,0,'','{\"style\":\"none\"}','','',0,'0000-00-00 00:00:00',0,0),(407,'plg_content_pagebreak','plugin','pagebreak','content',0,1,1,1,'','{\"title\":\"1\",\"multipage_toc\":\"1\",\"showall\":\"1\"}','','',0,'0000-00-00 00:00:00',4,0),(408,'plg_content_pagenavigation','plugin','pagenavigation','content',0,1,1,1,'','{\"position\":\"1\"}','','',0,'0000-00-00 00:00:00',5,0),(409,'plg_content_vote','plugin','vote','content',0,1,1,1,'','{}','','',0,'0000-00-00 00:00:00',6,0),(410,'plg_editors_codemirror','plugin','codemirror','editors',0,1,1,1,'','{\"linenumbers\":\"0\",\"tabmode\":\"indent\"}','','',0,'0000-00-00 00:00:00',1,0),(411,'plg_editors_none','plugin','none','editors',0,1,1,1,'','{}','','',0,'0000-00-00 00:00:00',2,0),(412,'plg_editors_tinymce','plugin','tinymce','editors',0,1,1,1,'','{\"mode\":\"1\",\"skin\":\"0\",\"compressed\":\"0\",\"cleanup_startup\":\"0\",\"cleanup_save\":\"2\",\"entity_encoding\":\"raw\",\"lang_mode\":\"0\",\"lang_code\":\"en\",\"text_direction\":\"ltr\",\"content_css\":\"1\",\"content_css_custom\":\"\",\"relative_urls\":\"1\",\"newlines\":\"0\",\"invalid_elements\":\"script,applet,iframe\",\"extended_elements\":\"\",\"toolbar\":\"top\",\"toolbar_align\":\"left\",\"html_height\":\"550\",\"html_width\":\"750\",\"element_path\":\"1\",\"fonts\":\"1\",\"paste\":\"1\",\"searchreplace\":\"1\",\"insertdate\":\"1\",\"format_date\":\"%Y-%m-%d\",\"inserttime\":\"1\",\"format_time\":\"%H:%M:%S\",\"colors\":\"1\",\"table\":\"1\",\"smilies\":\"1\",\"media\":\"1\",\"hr\":\"1\",\"directionality\":\"1\",\"fullscreen\":\"1\",\"style\":\"1\",\"layer\":\"1\",\"xhtmlxtras\":\"1\",\"visualchars\":\"1\",\"nonbreaking\":\"1\",\"template\":\"1\",\"blockquote\":\"1\",\"wordcount\":\"1\",\"advimage\":\"1\",\"advlink\":\"1\",\"autosave\":\"1\",\"contextmenu\":\"1\",\"inlinepopups\":\"1\",\"safari\":\"0\",\"custom_plugin\":\"\",\"custom_button\":\"\"}','','',0,'0000-00-00 00:00:00',3,0),(413,'plg_editors-xtd_article','plugin','article','editors-xtd',0,1,1,1,'','{}','','',0,'0000-00-00 00:00:00',1,0),(414,'plg_editors-xtd_image','plugin','image','editors-xtd',0,1,1,0,'','{}','','',0,'0000-00-00 00:00:00',2,0),(415,'plg_editors-xtd_pagebreak','plugin','pagebreak','editors-xtd',0,1,1,0,'','{}','','',0,'0000-00-00 00:00:00',3,0),(416,'plg_editors-xtd_readmore','plugin','readmore','editors-xtd',0,1,1,0,'','{}','','',0,'0000-00-00 00:00:00',4,0),(417,'plg_search_categories','plugin','categories','search',0,1,1,0,'','{\"search_limit\":\"50\",\"search_content\":\"1\",\"search_archived\":\"1\"}','','',0,'0000-00-00 00:00:00',0,0),(418,'plg_search_contacts','plugin','contacts','search',0,1,1,0,'','{\"search_limit\":\"50\",\"search_content\":\"1\",\"search_archived\":\"1\"}','','',0,'0000-00-00 00:00:00',0,0),(419,'plg_search_content','plugin','content','search',0,1,1,0,'','{\"search_limit\":\"50\",\"search_content\":\"1\",\"search_archived\":\"1\"}','','',0,'0000-00-00 00:00:00',0,0),(420,'plg_search_newsfeeds','plugin','newsfeeds','search',0,1,1,0,'','{\"search_limit\":\"50\",\"search_content\":\"1\",\"search_archived\":\"1\"}','','',0,'0000-00-00 00:00:00',0,0),(421,'plg_search_weblinks','plugin','weblinks','search',0,1,1,0,'','{\"search_limit\":\"50\",\"search_content\":\"1\",\"search_archived\":\"1\"}','','',0,'0000-00-00 00:00:00',0,0),(422,'plg_system_languagefilter','plugin','languagefilter','system',0,0,1,1,'','{}','','',0,'0000-00-00 00:00:00',1,0),(423,'plg_system_p3p','plugin','p3p','system',0,1,1,1,'','{\"headers\":\"NOI ADM DEV PSAi COM NAV OUR OTRo STP IND DEM\"}','','',0,'0000-00-00 00:00:00',2,0),(424,'plg_system_cache','plugin','cache','system',0,0,1,1,'','{\"browsercache\":\"0\",\"cachetime\":\"15\"}','','',0,'0000-00-00 00:00:00',3,0),(425,'plg_system_debug','plugin','debug','system',0,1,1,0,'','{\"profile\":\"1\",\"queries\":\"1\",\"memory\":\"1\",\"language_files\":\"1\",\"language_strings\":\"1\",\"strip-first\":\"1\",\"strip-prefix\":\"\",\"strip-suffix\":\"\"}','','',0,'0000-00-00 00:00:00',4,0),(426,'plg_system_log','plugin','log','system',0,1,1,1,'','{}','','',0,'0000-00-00 00:00:00',5,0),(427,'plg_system_redirect','plugin','redirect','system',0,1,1,1,'','{}','','',0,'0000-00-00 00:00:00',6,0),(428,'plg_system_remember','plugin','remember','system',0,1,1,1,'','{}','','',0,'0000-00-00 00:00:00',7,0),(429,'plg_system_sef','plugin','sef','system',0,1,1,0,'','{}','','',0,'0000-00-00 00:00:00',8,0),(430,'plg_system_logout','plugin','logout','system',0,1,1,1,'','{}','','',0,'0000-00-00 00:00:00',9,0),(431,'plg_user_contactcreator','plugin','contactcreator','user',0,0,1,1,'','{\"autowebpage\":\"\",\"category\":\"34\",\"autopublish\":\"0\"}','','',0,'0000-00-00 00:00:00',1,0),(432,'plg_user_joomla','plugin','joomla','user',0,1,1,0,'','{\"autoregister\":\"1\"}','','',0,'0000-00-00 00:00:00',2,0),(433,'plg_user_profile','plugin','profile','user',0,0,1,1,'','{\"register-require_address1\":\"1\",\"register-require_address2\":\"1\",\"register-require_city\":\"1\",\"register-require_region\":\"1\",\"register-require_country\":\"1\",\"register-require_postal_code\":\"1\",\"register-require_phone\":\"1\",\"register-require_website\":\"1\",\"register-require_favoritebook\":\"1\",\"register-require_aboutme\":\"1\",\"register-require_tos\":\"1\",\"register-require_dob\":\"1\",\"profile-require_address1\":\"1\",\"profile-require_address2\":\"1\",\"profile-require_city\":\"1\",\"profile-require_region\":\"1\",\"profile-require_country\":\"1\",\"profile-require_postal_code\":\"1\",\"profile-require_phone\":\"1\",\"profile-require_website\":\"1\",\"profile-require_favoritebook\":\"1\",\"profile-require_aboutme\":\"1\",\"profile-require_tos\":\"1\",\"profile-require_dob\":\"1\"}','','',0,'0000-00-00 00:00:00',0,0),(434,'plg_extension_joomla','plugin','joomla','extension',0,1,1,1,'','{}','','',0,'0000-00-00 00:00:00',1,0),(435,'plg_content_joomla','plugin','joomla','content',0,1,1,0,'','{}','','',0,'0000-00-00 00:00:00',0,0),(500,'atomic','template','atomic','',0,1,1,0,'{\"legacy\":false,\"name\":\"atomic\",\"type\":\"template\",\"creationDate\":\"10\\/10\\/09\",\"author\":\"Ron Severdia\",\"copyright\":\"Copyright (C) 2005 - 2011 Open Source Matters, Inc. All rights reserved.\",\"authorEmail\":\"contact@kontentdesign.com\",\"authorUrl\":\"http:\\/\\/www.kontentdesign.com\",\"version\":\"1.6.0\",\"description\":\"TPL_ATOMIC_XML_DESCRIPTION\",\"group\":\"\"}','{}','','',0,'0000-00-00 00:00:00',0,0),(502,'bluestork','template','bluestork','',1,1,1,0,'{\"legacy\":false,\"name\":\"bluestork\",\"type\":\"template\",\"creationDate\":\"07\\/02\\/09\",\"author\":\"Ron Severdia\",\"copyright\":\"Copyright (C) 2005 - 2011 Open Source Matters, Inc. All rights reserved.\",\"authorEmail\":\"contact@kontentdesign.com\",\"authorUrl\":\"http:\\/\\/www.kontentdesign.com\",\"version\":\"1.6.0\",\"description\":\"TPL_BLUESTORK_XML_DESCRIPTION\",\"group\":\"\"}','{\"useRoundedCorners\":\"1\",\"showSiteName\":\"0\",\"textBig\":\"0\",\"highContrast\":\"0\"}','','',0,'0000-00-00 00:00:00',0,0),(503,'beez_20','template','beez_20','',0,1,1,0,'{\"legacy\":false,\"name\":\"beez_20\",\"type\":\"template\",\"creationDate\":\"25 November 2009\",\"author\":\"Angie Radtke\",\"copyright\":\"Copyright (C) 2005 - 2011 Open Source Matters, Inc. All rights reserved.\",\"authorEmail\":\"a.radtke@derauftritt.de\",\"authorUrl\":\"http:\\/\\/www.der-auftritt.de\",\"version\":\"1.6.0\",\"description\":\"TPL_BEEZ2_XML_DESCRIPTION\",\"group\":\"\"}','{\"wrapperSmall\":\"53\",\"wrapperLarge\":\"72\",\"sitetitle\":\"\",\"sitedescription\":\"\",\"navposition\":\"center\",\"templatecolor\":\"nature\"}','','',0,'0000-00-00 00:00:00',0,0),(504,'hathor','template','hathor','',1,1,1,0,'{\"legacy\":false,\"name\":\"hathor\",\"type\":\"template\",\"creationDate\":\"May 2010\",\"author\":\"Andrea Tarr\",\"copyright\":\"Copyright (C) 2005 - 2011 Open Source Matters, Inc. All rights reserved.\",\"authorEmail\":\"hathor@tarrconsulting.com\",\"authorUrl\":\"http:\\/\\/www.tarrconsulting.com\",\"version\":\"1.6.0\",\"description\":\"TPL_HATHOR_XML_DESCRIPTION\",\"group\":\"\"}','{\"showSiteName\":\"0\",\"colourChoice\":\"0\",\"boldText\":\"0\"}','','',0,'0000-00-00 00:00:00',0,0),(505,'beez5','template','beez5','',0,1,1,0,'{\"legacy\":false,\"name\":\"beez5\",\"type\":\"template\",\"creationDate\":\"21 May 2010\",\"author\":\"Angie Radtke\",\"copyright\":\"Copyright (C) 2005 - 2011 Open Source Matters, Inc. All rights reserved.\",\"authorEmail\":\"a.radtke@derauftritt.de\",\"authorUrl\":\"http:\\/\\/www.der-auftritt.de\",\"version\":\"1.6.0\",\"description\":\"TPL_BEEZ5_XML_DESCRIPTION\",\"group\":\"\"}','{\"wrapperSmall\":\"53\",\"wrapperLarge\":\"72\",\"sitetitle\":\"\",\"sitedescription\":\"\",\"navposition\":\"center\",\"html5\":\"0\"}','','',0,'0000-00-00 00:00:00',0,0),(600,'English (United Kingdom)','language','en-GB','',0,1,1,1,'','','','',0,'0000-00-00 00:00:00',0,0),(601,'English (United Kingdom)','language','en-GB','',1,1,1,1,'','','','',0,'0000-00-00 00:00:00',0,0),(700,'Joomla! CMS','file','joomla','',0,1,1,1,'','','','',0,'0000-00-00 00:00:00',0,0),(10000,'Editor - CKEditor','plugin','ckeditor','editors',0,1,1,0,'','{\"toolbar\":\"Full\",\"toolbar_frontEnd\":\"Full\",\"skin\":\"office2003\",\"CKEditorWidth\":\"\",\"CKEditorHeight\":\"\",\"Basic_ToolBar\":\"Bold,Italic,;,NumberedList,BulletedList,;,Link,Unlink\",\"Advanced_ToolBar\":\"Source, -, Save, NewPage, Preview,- ,Templates, Cut, Copy, Paste, PasteText, PasteFromWord, - ,Print, SpellChecker, Scayt, Undo, Redo, -, Find, Replace, -, SelectAll, RemoveFormat,\\/, Bold ,Italic, Underline, Strike, -, Subscript, Superscript, NumberedList, BulletedList, -, Outdent, Indent, Blockquote, JustifyLeft, JustifyCenter, JustifyRight, JustifyBlock, Link, Unlink, Anchor, Image, Flash, Table, HorizontalRule, Smiley, SpecialChar, PageBreak, \\/, Styles, Format, Font, FontSize, TextColor, BGColor, Maximize, ShowBlocks, -, ReadMore, -, About\",\"CKEditorAutoLang\":\"1\",\"language\":\"en\",\"CKEditorLangDir\":\"0\",\"Color\":\"#6B6868\",\"enterMode\":\"1\",\"shiftEnterMode\":\"2\",\"templateCss\":\"0\",\"style\":\"\",\"template\":\"\",\"css\":\"\",\"LinkBrowser\":\"1\",\"LinkBrowserUrl\":\"0\",\"Scayt\":\"0\",\"Entities\":\"1\",\"CKEditorIndent\":\"1\",\"CKEditorBreakBeforeOpener\":\"1\",\"CKEditorBreakAfterOpener\":\"1\",\"CKEditorBreakBeforeCloser\":\"0\",\"CKEditorBreakAfterCloser\":\"1\",\"CKEditorPre\":\"0\",\"CKEditorCustomJs\":\"\",\"option\":\"com_ckeditor\",\"client\":\"site\",\"type\":\"config\",\"task\":\"save\",\"rows\":\"Bold,Italic,;,NumberedList,BulletedList,;,Link,Unlink\",\"toolbarGroup\":\"\"}','','',0,'0000-00-00 00:00:00',0,0),(10001,'ckeditor','component','com_ckeditor','',1,1,0,0,'{\"legacy\":false,\"name\":\"CKEditor\",\"type\":\"component\",\"creationDate\":\"January 2011\",\"author\":\"CKSource.com\",\"copyright\":\"Copyright (c) 2003-2011, CKSource - Frederico Knabben. All rights reserved. For licensing, see LICENSE.html or\\thttp:\\/\\/ckeditor.com\\/license\",\"authorEmail\":\"\",\"authorUrl\":\"http:\\/\\/cksource.com\",\"version\":\"1.6.1\",\"description\":\"CKEditor component integrates WYSIWYG CKEditor with link browser plugin and CKFinder configuration options\",\"group\":\"\"}','{}','','',0,'0000-00-00 00:00:00',0,0),(10002,'hypnotplt1','template','hypnotplt1','',0,1,1,0,'{\"legacy\":true,\"name\":\"hypnotplt1\",\"type\":\"template\",\"creationDate\":\"2011-04-22\",\"author\":\"FGIR\",\"copyright\":\"\",\"authorEmail\":\"\",\"authorUrl\":\"\",\"version\":\"1.0\",\"description\":\"Artisteer-generated theme - FG\",\"group\":\"\"}','{}','','',0,'0000-00-00 00:00:00',0,0);
CREATE TABLE `hypn01_languages` (
  `lang_id` int(11) unsigned NOT NULL AUTO_INCREMENT,
  `lang_code` char(7) NOT NULL,
  `title` varchar(50) NOT NULL,
  `title_native` varchar(50) NOT NULL,
  `sef` varchar(50) NOT NULL,
  `image` varchar(50) NOT NULL,
  `description` varchar(512) NOT NULL,
  `metakey` text NOT NULL,
  `metadesc` text NOT NULL,
  `published` int(11) NOT NULL DEFAULT '0',
  PRIMARY KEY (`lang_id`),
  UNIQUE KEY `idx_sef` (`sef`)
) ENGINE=InnoDB AUTO_INCREMENT=2 DEFAULT CHARSET=utf8;

INSERT INTO `hypn01_languages` VALUES (1,'en-GB','English (UK)','English (UK)','en','en','','','',1);
CREATE TABLE `hypn01_menu` (
  `id` int(11) NOT NULL AUTO_INCREMENT,
  `menutype` varchar(24) NOT NULL COMMENT 'The type of menu this item belongs to. FK to #__menu_types.menutype',
  `title` varchar(255) NOT NULL COMMENT 'The display title of the menu item.',
  `alias` varchar(255) NOT NULL COMMENT 'The SEF alias of the menu item.',
  `note` varchar(255) NOT NULL DEFAULT '',
  `path` varchar(1024) NOT NULL COMMENT 'The computed path of the menu item based on the alias field.',
  `link` varchar(1024) NOT NULL COMMENT 'The actually link the menu item refers to.',
  `type` varchar(16) NOT NULL COMMENT 'The type of link: Component, URL, Alias, Separator',
  `published` tinyint(4) NOT NULL DEFAULT '0' COMMENT 'The published state of the menu link.',
  `parent_id` int(10) unsigned NOT NULL DEFAULT '1' COMMENT 'The parent menu item in the menu tree.',
  `level` int(10) unsigned NOT NULL DEFAULT '0' COMMENT 'The relative level in the tree.',
  `component_id` int(10) unsigned NOT NULL DEFAULT '0' COMMENT 'FK to #__extensions.id',
  `ordering` int(11) NOT NULL DEFAULT '0' COMMENT 'The relative ordering of the menu item in the tree.',
  `checked_out` int(10) unsigned NOT NULL DEFAULT '0' COMMENT 'FK to #__users.id',
  `checked_out_time` timestamp NOT NULL DEFAULT '0000-00-00 00:00:00' COMMENT 'The time the menu item was checked out.',
  `browserNav` tinyint(4) NOT NULL DEFAULT '0' COMMENT 'The click behaviour of the link.',
  `access` tinyint(3) unsigned NOT NULL DEFAULT '0' COMMENT 'The access level required to view the menu item.',
  `img` varchar(255) NOT NULL COMMENT 'The image of the menu item.',
  `template_style_id` int(10) unsigned NOT NULL DEFAULT '0',
  `params` text NOT NULL COMMENT 'JSON encoded data for the menu item.',
  `lft` int(11) NOT NULL DEFAULT '0' COMMENT 'Nested set lft.',
  `rgt` int(11) NOT NULL DEFAULT '0' COMMENT 'Nested set rgt.',
  `home` tinyint(3) unsigned NOT NULL DEFAULT '0' COMMENT 'Indicates if this menu item is the home or default page.',
  `language` char(7) NOT NULL DEFAULT '',
  `client_id` tinyint(4) NOT NULL DEFAULT '0',
  PRIMARY KEY (`id`),
  UNIQUE KEY `idx_client_id_parent_id_alias` (`client_id`,`parent_id`,`alias`),
  KEY `idx_componentid` (`component_id`,`menutype`,`published`,`access`),
  KEY `idx_menutype` (`menutype`),
  KEY `idx_left_right` (`lft`,`rgt`),
  KEY `idx_alias` (`alias`),
  KEY `idx_path` (`path`(255)),
  KEY `idx_language` (`language`)
) ENGINE=InnoDB AUTO_INCREMENT=118 DEFAULT CHARSET=utf8;

INSERT INTO `hypn01_menu` VALUES (1,'','Menu_Item_Root','root','','','','',1,0,0,0,0,0,'0000-00-00 00:00:00',0,0,'',0,'',0,71,0,'*',0),(2,'menu','com_banners','Banners','','Banners','index.php?option=com_banners','component',0,1,1,4,0,0,'0000-00-00 00:00:00',0,0,'class:banners',0,'',1,10,0,'*',1),(3,'menu','com_banners','Banners','','Banners/Banners','index.php?option=com_banners','component',0,2,2,4,0,0,'0000-00-00 00:00:00',0,0,'class:banners',0,'',2,3,0,'*',1),(4,'menu','com_banners_categories','Categories','','Banners/Categories','index.php?option=com_categories&extension=com_banners','component',0,2,2,6,0,0,'0000-00-00 00:00:00',0,0,'class:banners-cat',0,'',4,5,0,'*',1),(5,'menu','com_banners_clients','Clients','','Banners/Clients','index.php?option=com_banners&view=clients','component',0,2,2,4,0,0,'0000-00-00 00:00:00',0,0,'class:banners-clients',0,'',6,7,0,'*',1),(6,'menu','com_banners_tracks','Tracks','','Banners/Tracks','index.php?option=com_banners&view=tracks','component',0,2,2,4,0,0,'0000-00-00 00:00:00',0,0,'class:banners-tracks',0,'',8,9,0,'*',1),(7,'menu','com_contact','Contacts','','Contacts','index.php?option=com_contact','component',0,1,1,8,0,0,'0000-00-00 00:00:00',0,0,'class:contact',0,'',11,16,0,'*',1),(8,'menu','com_contact','Contacts','','Contacts/Contacts','index.php?option=com_contact','component',0,7,2,8,0,0,'0000-00-00 00:00:00',0,0,'class:contact',0,'',12,13,0,'*',1),(9,'menu','com_contact_categories','Categories','','Contacts/Categories','index.php?option=com_categories&extension=com_contact','component',0,7,2,6,0,0,'0000-00-00 00:00:00',0,0,'class:contact-cat',0,'',14,15,0,'*',1),(10,'menu','com_messages','Messaging','','Messaging','index.php?option=com_messages','component',0,1,1,15,0,0,'0000-00-00 00:00:00',0,0,'class:messages',0,'',17,22,0,'*',1),(11,'menu','com_messages_add','New Private Message','','Messaging/New Private Message','index.php?option=com_messages&task=message.add','component',0,10,2,15,0,0,'0000-00-00 00:00:00',0,0,'class:messages-add',0,'',18,19,0,'*',1),(12,'menu','com_messages_read','Read Private Message','','Messaging/Read Private Message','index.php?option=com_messages','component',0,10,2,15,0,0,'0000-00-00 00:00:00',0,0,'class:messages-read',0,'',20,21,0,'*',1),(13,'menu','com_newsfeeds','News Feeds','','News Feeds','index.php?option=com_newsfeeds','component',0,1,1,17,0,0,'0000-00-00 00:00:00',0,0,'class:newsfeeds',0,'',23,28,0,'*',1),(14,'menu','com_newsfeeds_feeds','Feeds','','News Feeds/Feeds','index.php?option=com_newsfeeds','component',0,13,2,17,0,0,'0000-00-00 00:00:00',0,0,'class:newsfeeds',0,'',24,25,0,'*',1),(15,'menu','com_newsfeeds_categories','Categories','','News Feeds/Categories','index.php?option=com_categories&extension=com_newsfeeds','component',0,13,2,6,0,0,'0000-00-00 00:00:00',0,0,'class:newsfeeds-cat',0,'',26,27,0,'*',1),(16,'menu','com_redirect','Redirect','','Redirect','index.php?option=com_redirect','component',0,1,1,24,0,0,'0000-00-00 00:00:00',0,0,'class:redirect',0,'',37,38,0,'*',1),(17,'menu','com_search','Search','','Search','index.php?option=com_search','component',0,1,1,19,0,0,'0000-00-00 00:00:00',0,0,'class:search',0,'',29,30,0,'*',1),(18,'menu','com_weblinks','Weblinks','','Weblinks','index.php?option=com_weblinks','component',0,1,1,21,0,0,'0000-00-00 00:00:00',0,0,'class:weblinks',0,'',31,36,0,'*',1),(19,'menu','com_weblinks_links','Links','','Weblinks/Links','index.php?option=com_weblinks','component',0,18,2,21,0,0,'0000-00-00 00:00:00',0,0,'class:weblinks',0,'',32,33,0,'*',1),(20,'menu','com_weblinks_categories','Categories','','Weblinks/Categories','index.php?option=com_categories&extension=com_weblinks','component',0,18,2,6,0,0,'0000-00-00 00:00:00',0,0,'class:weblinks-cat',0,'',34,35,0,'*',1),(102,'main','COM_CKEDITOR_MENU_NAME','comckeditormenuname','','comckeditormenuname','index.php?option=com_ckeditor','component',0,1,1,10001,0,0,'0000-00-00 00:00:00',0,1,'components/com_ckeditor/images/ckeditor_ico16.png',0,'',39,40,0,'',1),(103,'mainmenuhypno','ACCUEIL','acceuilsite','','acceuilsite','index.php?option=com_content&view=article&id=1','component',1,1,1,22,0,0,'0000-00-00 00:00:00',0,1,'',7,'{\"show_title\":\"\",\"link_titles\":\"\",\"show_intro\":\"\",\"show_category\":\"\",\"link_category\":\"\",\"show_parent_category\":\"\",\"link_parent_category\":\"\",\"show_author\":\"\",\"link_author\":\"\",\"show_create_date\":\"\",\"show_modify_date\":\"\",\"show_publish_date\":\"\",\"show_item_navigation\":\"\",\"show_vote\":\"\",\"show_icons\":\"\",\"show_print_icon\":\"\",\"show_email_icon\":\"\",\"show_hits\":\"\",\"show_noauth\":\"\",\"menu-anchor_title\":\"\",\"menu-anchor_css\":\"\",\"menu_image\":\"\",\"menu_text\":1,\"page_title\":\"Extensions acceuil Hypnose\",\"show_page_heading\":0,\"page_heading\":\"\",\"pageclass_sfx\":\"\",\"menu-meta_description\":\"Assoc Extensions, Hypnose Ericksonienne \\u00e0 Grenoble. Francois Giraud hypnoth\\u00e9rapeute. Hypnoth\\u00e9rapie, PNL, coaching. Perte de poids, arr\\u00eat du tabac, compulsions, bien-\\u00eatre\",\"menu-meta_keywords\":\"hypnose,hypnoth\\u00e9rapie, grenoble, francois,giraud, extensions,coaching pnl tabac, poids, maigrir\",\"robots\":\"\",\"secure\":0}',41,42,0,'*',0),(104,'mainmenuhypno','HYPNOTHÉRAPIE','therapiedevperso','','therapiedevperso','index.php?option=com_content&view=article&id=8','component',1,1,1,22,0,0,'0000-00-00 00:00:00',0,1,'',7,'{\"show_title\":\"\",\"link_titles\":\"\",\"show_intro\":\"\",\"show_category\":\"\",\"link_category\":\"\",\"show_parent_category\":\"\",\"link_parent_category\":\"\",\"show_author\":\"\",\"link_author\":\"\",\"show_create_date\":\"\",\"show_modify_date\":\"\",\"show_publish_date\":\"\",\"show_item_navigation\":\"\",\"show_vote\":\"\",\"show_icons\":\"\",\"show_print_icon\":\"\",\"show_email_icon\":\"\",\"show_hits\":\"\",\"show_noauth\":\"\",\"menu-anchor_title\":\"\",\"menu-anchor_css\":\"\",\"menu_image\":\"\",\"menu_text\":1,\"page_title\":\"Extensions Hypnoth\\u00e9rapie\",\"show_page_heading\":0,\"page_heading\":\"\",\"pageclass_sfx\":\"\",\"menu-meta_description\":\"\",\"menu-meta_keywords\":\"\",\"robots\":\"\",\"secure\":0}',43,44,0,'*',0),(105,'mainmenuhypno','INDICATIONS','indications','','indications','index.php?option=com_content&view=article&id=5','component',1,1,1,22,0,0,'0000-00-00 00:00:00',0,1,'',7,'{\"show_title\":\"\",\"link_titles\":\"\",\"show_intro\":\"\",\"show_category\":\"\",\"link_category\":\"\",\"show_parent_category\":\"\",\"link_parent_category\":\"\",\"show_author\":\"\",\"link_author\":\"\",\"show_create_date\":\"\",\"show_modify_date\":\"\",\"show_publish_date\":\"\",\"show_item_navigation\":\"\",\"show_vote\":\"\",\"show_icons\":\"\",\"show_print_icon\":\"\",\"show_email_icon\":\"\",\"show_hits\":\"\",\"show_noauth\":\"\",\"menu-anchor_title\":\"\",\"menu-anchor_css\":\"\",\"menu_image\":\"\",\"menu_text\":1,\"page_title\":\"Extensions- indications\",\"show_page_heading\":0,\"page_heading\":\"\",\"pageclass_sfx\":\"\",\"menu-meta_description\":\"Assoc Extensions, Hypnose Ericksonienne \\u00e0 Grenoble. Francois Giraud hypnoth\\u00e9rapeute. Hypnoth\\u00e9rapie, PNL, coaching. Perte de poids, arr\\u00eat du tabac, compulsions, bien-\\u00eatre\",\"menu-meta_keywords\":\"hypnose,hypnoth\\u00e9rapie, grenoble, francois,giraud, extensions,coaching pnl tabac, poids, maigrir, indications\",\"robots\":\"\",\"secure\":0}',45,46,0,'*',0),(106,'mainmenuhypno','LE POIDS','poidtsvert','','poidtsvert','index.php?option=com_content&view=article&id=6','component',1,1,1,22,0,0,'0000-00-00 00:00:00',0,1,'',7,'{\"show_title\":\"\",\"link_titles\":\"\",\"show_intro\":\"\",\"show_category\":\"\",\"link_category\":\"\",\"show_parent_category\":\"\",\"link_parent_category\":\"\",\"show_author\":\"\",\"link_author\":\"\",\"show_create_date\":\"\",\"show_modify_date\":\"\",\"show_publish_date\":\"\",\"show_item_navigation\":\"\",\"show_vote\":\"\",\"show_icons\":\"\",\"show_print_icon\":\"\",\"show_email_icon\":\"\",\"show_hits\":\"\",\"show_noauth\":\"\",\"menu-anchor_title\":\"\",\"menu-anchor_css\":\"\",\"menu_image\":\"\",\"menu_text\":1,\"page_title\":\"extensions - le poids\",\"show_page_heading\":0,\"page_heading\":\"\",\"pageclass_sfx\":\"\",\"menu-meta_description\":\"\",\"menu-meta_keywords\":\"\",\"robots\":\"\",\"secure\":0}',47,48,0,'*',0),(107,'mainmenuhypno','LE TABAC','tabacvert','','tabacvert','index.php?option=com_content&view=article&id=7','component',1,1,1,22,0,0,'0000-00-00 00:00:00',0,1,'',7,'{\"show_title\":\"\",\"link_titles\":\"\",\"show_intro\":\"\",\"show_category\":\"\",\"link_category\":\"\",\"show_parent_category\":\"\",\"link_parent_category\":\"\",\"show_author\":\"\",\"link_author\":\"\",\"show_create_date\":\"\",\"show_modify_date\":\"\",\"show_publish_date\":\"\",\"show_item_navigation\":\"\",\"show_vote\":\"\",\"show_icons\":\"\",\"show_print_icon\":\"\",\"show_email_icon\":\"\",\"show_hits\":\"\",\"show_noauth\":\"\",\"menu-anchor_title\":\"\",\"menu-anchor_css\":\"\",\"menu_image\":\"\",\"menu_text\":1,\"page_title\":\"\",\"show_page_heading\":0,\"page_heading\":\"\",\"pageclass_sfx\":\"\",\"menu-meta_description\":\"\",\"menu-meta_keywords\":\"\",\"robots\":\"\",\"secure\":0}',49,50,0,'*',0),(108,'mainmenuhypno','HYPNOSE et PNL','hypnose','','hypnose','index.php?option=com_content&view=article&id=4','component',1,1,1,22,0,0,'0000-00-00 00:00:00',0,1,'',7,'{\"show_title\":\"\",\"link_titles\":\"\",\"show_intro\":\"\",\"show_category\":\"\",\"link_category\":\"\",\"show_parent_category\":\"\",\"link_parent_category\":\"\",\"show_author\":\"\",\"link_author\":\"\",\"show_create_date\":\"\",\"show_modify_date\":\"\",\"show_publish_date\":\"\",\"show_item_navigation\":\"\",\"show_vote\":\"\",\"show_icons\":\"\",\"show_print_icon\":\"\",\"show_email_icon\":\"\",\"show_hits\":\"\",\"show_noauth\":\"\",\"menu-anchor_title\":\"\",\"menu-anchor_css\":\"\",\"menu_image\":\"\",\"menu_text\":1,\"page_title\":\"Extensions - hypnose pnl\",\"show_page_heading\":0,\"page_heading\":\"\",\"pageclass_sfx\":\"\",\"menu-meta_description\":\"\",\"menu-meta_keywords\":\"\",\"robots\":\"\",\"secure\":0}',51,52,0,'*',0),(109,'mainmenuhypno','association Extensions','extensions','','extensions','index.php?option=com_content&view=article&id=3','component',1,1,1,22,0,0,'0000-00-00 00:00:00',0,1,'',7,'{\"show_title\":\"\",\"link_titles\":\"\",\"show_intro\":\"\",\"show_category\":\"\",\"link_category\":\"\",\"show_parent_category\":\"\",\"link_parent_category\":\"\",\"show_author\":\"\",\"link_author\":\"\",\"show_create_date\":\"\",\"show_modify_date\":\"\",\"show_publish_date\":\"\",\"show_item_navigation\":\"\",\"show_vote\":\"\",\"show_icons\":\"\",\"show_print_icon\":\"\",\"show_email_icon\":\"\",\"show_hits\":\"\",\"show_noauth\":\"\",\"menu-anchor_title\":\"\",\"menu-anchor_css\":\"\",\"menu_image\":\"\",\"menu_text\":1,\"page_title\":\"Extensions association\",\"show_page_heading\":0,\"page_heading\":\"\",\"pageclass_sfx\":\"\",\"menu-meta_description\":\"\",\"menu-meta_keywords\":\"\",\"robots\":\"\",\"secure\":0}',53,54,0,'*',0),(110,'mainmenutop','ACCUEIL','acceuilsitetop','','acceuilsitetop','index.php?option=com_content&view=article&id=1','component',1,1,1,22,0,0,'0000-00-00 00:00:00',0,1,'',7,'{\"show_title\":\"\",\"link_titles\":\"\",\"show_intro\":\"\",\"show_category\":\"\",\"link_category\":\"\",\"show_parent_category\":\"\",\"link_parent_category\":\"\",\"show_author\":\"\",\"link_author\":\"\",\"show_create_date\":\"\",\"show_modify_date\":\"\",\"show_publish_date\":\"\",\"show_item_navigation\":\"\",\"show_vote\":\"\",\"show_icons\":\"\",\"show_print_icon\":\"\",\"show_email_icon\":\"\",\"show_hits\":\"\",\"show_noauth\":\"\",\"menu-anchor_title\":\"\",\"menu-anchor_css\":\"\",\"menu_image\":\"\",\"menu_text\":1,\"page_title\":\"Extensions acceuil Hypnose\",\"show_page_heading\":0,\"page_heading\":\"\",\"pageclass_sfx\":\"\",\"menu-meta_description\":\"princessloun01,Assoc Extensions, Hypnose Ericksonienne \\u00e0 Grenoble. Francois Giraud hypnoth\\u00e9rapeute. hypnotherapeute, Hypnoth\\u00e9rapie, hypnotherapie, PNL, coaching. Perte de poids, arr\\u00eat du tabac, compulsions, bien-\\u00eatre\",\"menu-meta_keywords\":\"princessloun01, hypnose,hypnoth\\u00e9rapie, hypnotherapie, grenoble, francois,giraud, extensions,coaching pnl tabac, poids, maigrir\",\"robots\":\"index, follow\",\"secure\":0}',55,56,1,'*',0),(111,'mainmenutop','THERAPIE ET DEVELOPPEMENT PERSONNEL','hypnodevperso','','hypnodevperso','index.php?option=com_content&view=article&id=8','component',1,1,1,22,0,0,'0000-00-00 00:00:00',0,1,'',7,'{\"show_title\":\"\",\"link_titles\":\"\",\"show_intro\":\"\",\"show_category\":\"\",\"link_category\":\"\",\"show_parent_category\":\"\",\"link_parent_category\":\"\",\"show_author\":\"\",\"link_author\":\"\",\"show_create_date\":\"\",\"show_modify_date\":\"\",\"show_publish_date\":\"\",\"show_item_navigation\":\"\",\"show_vote\":\"\",\"show_icons\":\"\",\"show_print_icon\":\"\",\"show_email_icon\":\"\",\"show_hits\":\"\",\"show_noauth\":\"\",\"menu-anchor_title\":\"\",\"menu-anchor_css\":\"\",\"menu_image\":\"\",\"menu_text\":1,\"page_title\":\"Extensions Hypnoth\\u00e9rapie\",\"show_page_heading\":0,\"page_heading\":\"\",\"pageclass_sfx\":\"\",\"menu-meta_description\":\"\",\"menu-meta_keywords\":\"\",\"robots\":\"\",\"secure\":0}',59,60,0,'*',0),(112,'mainmenutop','LE POIDS','poids','','poids','index.php?option=com_content&view=article&id=6','component',1,1,1,22,0,0,'0000-00-00 00:00:00',0,1,'',7,'{\"show_title\":\"\",\"link_titles\":\"\",\"show_intro\":\"\",\"show_category\":\"\",\"link_category\":\"\",\"show_parent_category\":\"\",\"link_parent_category\":\"\",\"show_author\":\"\",\"link_author\":\"\",\"show_create_date\":\"\",\"show_modify_date\":\"\",\"show_publish_date\":\"\",\"show_item_navigation\":\"\",\"show_vote\":\"\",\"show_icons\":\"\",\"show_print_icon\":\"\",\"show_email_icon\":\"\",\"show_hits\":\"\",\"show_noauth\":\"\",\"menu-anchor_title\":\"\",\"menu-anchor_css\":\"\",\"menu_image\":\"\",\"menu_text\":1,\"page_title\":\"Extensions - le poids\",\"show_page_heading\":0,\"page_heading\":\"\",\"pageclass_sfx\":\"\",\"menu-meta_description\":\"\",\"menu-meta_keywords\":\"\",\"robots\":\"\",\"secure\":0}',61,62,0,'*',0),(113,'mainmenutop','LE TABAC','tabac','','tabac','index.php?option=com_content&view=article&id=7','component',1,1,1,22,0,0,'0000-00-00 00:00:00',0,1,'',7,'{\"show_title\":\"\",\"link_titles\":\"\",\"show_intro\":\"\",\"show_category\":\"\",\"link_category\":\"\",\"show_parent_category\":\"\",\"link_parent_category\":\"\",\"show_author\":\"\",\"link_author\":\"\",\"show_create_date\":\"\",\"show_modify_date\":\"\",\"show_publish_date\":\"\",\"show_item_navigation\":\"\",\"show_vote\":\"\",\"show_icons\":\"\",\"show_print_icon\":\"\",\"show_email_icon\":\"\",\"show_hits\":\"\",\"show_noauth\":\"\",\"menu-anchor_title\":\"\",\"menu-anchor_css\":\"\",\"menu_image\":\"\",\"menu_text\":1,\"page_title\":\"Extensions - le tabac\",\"show_page_heading\":0,\"page_heading\":\"\",\"pageclass_sfx\":\"\",\"menu-meta_description\":\"\",\"menu-meta_keywords\":\"\",\"robots\":\"\",\"secure\":0}',63,64,0,'*',0),(114,'mainmenutop','Contact-top','contactexttop','','contactexttop','index.php?option=com_content&view=article&id=2','component',-2,1,1,22,0,0,'0000-00-00 00:00:00',0,1,'',7,'{\"show_title\":\"\",\"link_titles\":\"\",\"show_intro\":\"\",\"show_category\":\"\",\"link_category\":\"\",\"show_parent_category\":\"\",\"link_parent_category\":\"\",\"show_author\":\"\",\"link_author\":\"\",\"show_create_date\":\"\",\"show_modify_date\":\"\",\"show_publish_date\":\"\",\"show_item_navigation\":\"\",\"show_vote\":\"\",\"show_icons\":\"\",\"show_print_icon\":\"\",\"show_email_icon\":\"\",\"show_hits\":\"\",\"show_noauth\":\"\",\"menu-anchor_title\":\"\",\"menu-anchor_css\":\"\",\"menu_image\":\"\",\"menu_text\":1,\"page_title\":\"\",\"show_page_heading\":0,\"page_heading\":\"\",\"pageclass_sfx\":\"\",\"menu-meta_description\":\"\",\"menu-meta_keywords\":\"\",\"robots\":\"\",\"secure\":0}',65,66,0,'*',0),(115,'mainmenuhypno','Contact','contactext','','contactext','index.php?option=com_content&view=article&id=2','component',1,1,1,22,0,0,'0000-00-00 00:00:00',0,1,'',7,'{\"show_title\":\"\",\"link_titles\":\"\",\"show_intro\":\"\",\"show_category\":\"\",\"link_category\":\"\",\"show_parent_category\":\"\",\"link_parent_category\":\"\",\"show_author\":\"\",\"link_author\":\"\",\"show_create_date\":\"\",\"show_modify_date\":\"\",\"show_publish_date\":\"\",\"show_item_navigation\":\"\",\"show_vote\":\"\",\"show_icons\":\"\",\"show_print_icon\":\"\",\"show_email_icon\":\"\",\"show_hits\":\"\",\"show_noauth\":\"\",\"menu-anchor_title\":\"\",\"menu-anchor_css\":\"\",\"menu_image\":\"\",\"menu_text\":1,\"page_title\":\"\",\"show_page_heading\":0,\"page_heading\":\"\",\"pageclass_sfx\":\"\",\"menu-meta_description\":\"\",\"menu-meta_keywords\":\"\",\"robots\":\"\",\"secure\":0}',67,68,0,'*',0),(116,'mainmenutop','INDICATIONS','indicationstop','','indicationstop','index.php?option=com_content&view=article&id=5','component',1,1,1,22,0,0,'0000-00-00 00:00:00',0,1,'',7,'{\"show_title\":\"\",\"link_titles\":\"\",\"show_intro\":\"\",\"show_category\":\"\",\"link_category\":\"\",\"show_parent_category\":\"\",\"link_parent_category\":\"\",\"show_author\":\"\",\"link_author\":\"\",\"show_create_date\":\"\",\"show_modify_date\":\"\",\"show_publish_date\":\"\",\"show_item_navigation\":\"\",\"show_vote\":\"\",\"show_icons\":\"\",\"show_print_icon\":\"\",\"show_email_icon\":\"\",\"show_hits\":\"\",\"show_noauth\":\"\",\"menu-anchor_title\":\"\",\"menu-anchor_css\":\"\",\"menu_image\":\"\",\"menu_text\":1,\"page_title\":\"Extensions- indications\",\"show_page_heading\":0,\"page_heading\":\"\",\"pageclass_sfx\":\"\",\"menu-meta_description\":\"\",\"menu-meta_keywords\":\"\",\"robots\":\"\",\"secure\":0}',57,58,0,'*',0),(117,'menuvert','vers le tabac','verstabac','','verstabac','index.php?option=com_content&view=article&id=7','component',1,1,1,22,0,0,'0000-00-00 00:00:00',0,1,'',7,'{\"show_title\":\"\",\"link_titles\":\"\",\"show_intro\":\"\",\"show_category\":\"\",\"link_category\":\"\",\"show_parent_category\":\"\",\"link_parent_category\":\"\",\"show_author\":\"\",\"link_author\":\"\",\"show_create_date\":\"\",\"show_modify_date\":\"\",\"show_publish_date\":\"\",\"show_item_navigation\":\"\",\"show_vote\":\"\",\"show_icons\":\"\",\"show_print_icon\":\"\",\"show_email_icon\":\"\",\"show_hits\":\"\",\"show_noauth\":\"\",\"menu-anchor_title\":\"\",\"menu-anchor_css\":\"\",\"menu_image\":\"\",\"menu_text\":1,\"page_title\":\"\",\"show_page_heading\":0,\"page_heading\":\"\",\"pageclass_sfx\":\"\",\"menu-meta_description\":\"\",\"menu-meta_keywords\":\"\",\"robots\":\"\",\"secure\":0}',69,70,0,'*',0);
CREATE TABLE `hypn01_menu_types` (
  `id` int(10) unsigned NOT NULL AUTO_INCREMENT,
  `menutype` varchar(24) NOT NULL,
  `title` varchar(48) NOT NULL,
  `description` varchar(255) NOT NULL DEFAULT '',
  PRIMARY KEY (`id`),
  UNIQUE KEY `idx_menutype` (`menutype`)
) ENGINE=InnoDB AUTO_INCREMENT=5 DEFAULT CHARSET=utf8;

INSERT INTO `hypn01_menu_types` VALUES (2,'mainmenutop','MainMenu Top','horizontal'),(3,'mainmenuhypno','MainMenu Hypno','vertical'),(4,'menuvert','menu vertical2','');
CREATE TABLE `hypn01_messages` (
  `message_id` int(10) unsigned NOT NULL AUTO_INCREMENT,
  `user_id_from` int(10) unsigned NOT NULL DEFAULT '0',
  `user_id_to` int(10) unsigned NOT NULL DEFAULT '0',
  `folder_id` tinyint(3) unsigned NOT NULL DEFAULT '0',
  `date_time` datetime NOT NULL DEFAULT '0000-00-00 00:00:00',
  `state` tinyint(1) NOT NULL DEFAULT '0',
  `priority` tinyint(1) unsigned NOT NULL DEFAULT '0',
  `subject` varchar(255) NOT NULL DEFAULT '',
  `message` text NOT NULL,
  PRIMARY KEY (`message_id`),
  KEY `useridto_state` (`user_id_to`,`state`)
) ENGINE=InnoDB DEFAULT CHARSET=utf8;

CREATE TABLE `hypn01_messages_cfg` (
  `user_id` int(10) unsigned NOT NULL DEFAULT '0',
  `cfg_name` varchar(100) NOT NULL DEFAULT '',
  `cfg_value` varchar(255) NOT NULL DEFAULT '',
  UNIQUE KEY `idx_user_var_name` (`user_id`,`cfg_name`)
) ENGINE=InnoDB DEFAULT CHARSET=utf8;

CREATE TABLE `hypn01_modules` (
  `id` int(11) NOT NULL AUTO_INCREMENT,
  `title` varchar(100) NOT NULL DEFAULT '',
  `note` varchar(255) NOT NULL DEFAULT '',
  `content` text NOT NULL,
  `ordering` int(11) NOT NULL DEFAULT '0',
  `position` varchar(50) DEFAULT NULL,
  `checked_out` int(10) unsigned NOT NULL DEFAULT '0',
  `checked_out_time` datetime NOT NULL DEFAULT '0000-00-00 00:00:00',
  `publish_up` datetime NOT NULL DEFAULT '0000-00-00 00:00:00',
  `publish_down` datetime NOT NULL DEFAULT '0000-00-00 00:00:00',
  `published` tinyint(1) NOT NULL DEFAULT '0',
  `module` varchar(50) DEFAULT NULL,
  `access` tinyint(3) unsigned NOT NULL DEFAULT '0',
  `showtitle` tinyint(3) unsigned NOT NULL DEFAULT '1',
  `params` text NOT NULL,
  `client_id` tinyint(4) NOT NULL DEFAULT '0',
  `language` char(7) NOT NULL,
  PRIMARY KEY (`id`),
  KEY `published` (`published`,`access`),
  KEY `newsfeeds` (`module`,`published`),
  KEY `idx_language` (`language`)
) ENGINE=InnoDB AUTO_INCREMENT=23 DEFAULT CHARSET=utf8;

INSERT INTO `hypn01_modules` VALUES (2,'Login','','',1,'login',0,'0000-00-00 00:00:00','0000-00-00 00:00:00','0000-00-00 00:00:00',1,'mod_login',1,1,'',1,'*'),(3,'Popular Articles','','',3,'cpanel',0,'0000-00-00 00:00:00','0000-00-00 00:00:00','0000-00-00 00:00:00',1,'mod_popular',3,1,'{\"count\":\"5\",\"catid\":\"\",\"user_id\":\"0\",\"layout\":\"_:default\",\"moduleclass_sfx\":\"\",\"cache\":\"0\",\"automatic_title\":\"1\"}',1,'*'),(4,'Recently Added Articles','','',4,'cpanel',0,'0000-00-00 00:00:00','0000-00-00 00:00:00','0000-00-00 00:00:00',1,'mod_latest',3,1,'{\"count\":\"5\",\"ordering\":\"c_dsc\",\"catid\":\"\",\"user_id\":\"0\",\"layout\":\"_:default\",\"moduleclass_sfx\":\"\",\"cache\":\"0\",\"automatic_title\":\"1\"}',1,'*'),(6,'Unread Messages','','',1,'header',0,'0000-00-00 00:00:00','0000-00-00 00:00:00','0000-00-00 00:00:00',1,'mod_unread',3,1,'',1,'*'),(7,'Online Users','','',2,'header',0,'0000-00-00 00:00:00','0000-00-00 00:00:00','0000-00-00 00:00:00',1,'mod_online',3,1,'',1,'*'),(8,'Toolbar','','',1,'toolbar',0,'0000-00-00 00:00:00','0000-00-00 00:00:00','0000-00-00 00:00:00',1,'mod_toolbar',3,1,'',1,'*'),(9,'Quick Icons','','',1,'icon',0,'0000-00-00 00:00:00','0000-00-00 00:00:00','0000-00-00 00:00:00',1,'mod_quickicon',3,1,'',1,'*'),(10,'Logged-in Users','','',2,'cpanel',0,'0000-00-00 00:00:00','0000-00-00 00:00:00','0000-00-00 00:00:00',1,'mod_logged',3,1,'{\"count\":\"5\",\"name\":\"1\",\"layout\":\"_:default\",\"moduleclass_sfx\":\"\",\"cache\":\"0\",\"automatic_title\":\"1\"}',1,'*'),(12,'Admin Menu','','',1,'menu',0,'0000-00-00 00:00:00','0000-00-00 00:00:00','0000-00-00 00:00:00',1,'mod_menu',3,1,'{\"layout\":\"\",\"moduleclass_sfx\":\"\",\"shownew\":\"1\",\"showhelp\":\"1\",\"cache\":\"0\"}',1,'*'),(13,'Admin Submenu','','',1,'submenu',0,'0000-00-00 00:00:00','0000-00-00 00:00:00','0000-00-00 00:00:00',1,'mod_submenu',3,1,'',1,'*'),(14,'User Status','','',1,'status',0,'0000-00-00 00:00:00','0000-00-00 00:00:00','0000-00-00 00:00:00',1,'mod_status',3,1,'',1,'*'),(15,'Title','','',1,'title',0,'0000-00-00 00:00:00','0000-00-00 00:00:00','0000-00-00 00:00:00',1,'mod_title',3,1,'',1,'*'),(16,'Login Form','','',7,'position-7',0,'0000-00-00 00:00:00','0000-00-00 00:00:00','0000-00-00 00:00:00',0,'mod_login',1,1,'{\"greeting\":\"1\",\"name\":\"0\"}',0,'*'),(17,'Breadcrumbs','','',1,'position-2',0,'0000-00-00 00:00:00','0000-00-00 00:00:00','0000-00-00 00:00:00',0,'mod_breadcrumbs',1,1,'{\"moduleclass_sfx\":\"\",\"showHome\":\"1\",\"homeText\":\"Home\",\"showComponent\":\"1\",\"separator\":\"\",\"cache\":\"1\",\"cache_time\":\"900\",\"cachemode\":\"itemid\"}',0,'*'),(18,'Banners','','',1,'position-5',0,'0000-00-00 00:00:00','0000-00-00 00:00:00','0000-00-00 00:00:00',0,'mod_banners',1,1,'{\"target\":\"1\",\"count\":\"1\",\"cid\":\"1\",\"catid\":[\"27\"],\"tag_search\":\"0\",\"ordering\":\"0\",\"header_text\":\"\",\"footer_text\":\"\",\"layout\":\"\",\"moduleclass_sfx\":\"\",\"cache\":\"1\",\"cache_time\":\"900\"}',0,'*'),(19,'MainMenuTop','','',1,'user3',0,'0000-00-00 00:00:00','0000-00-00 00:00:00','0000-00-00 00:00:00',1,'mod_menu',1,0,'{\"menutype\":\"mainmenutop\",\"startLevel\":\"1\",\"endLevel\":\"0\",\"showAllChildren\":\"0\",\"tag_id\":\"\",\"class_sfx\":\"\",\"window_open\":\"\",\"layout\":\"_:default\",\"moduleclass_sfx\":\"art-vmenu\",\"cache\":\"1\",\"cache_time\":\"900\",\"cachemode\":\"itemid\"}',0,'*'),(20,'MainMenuVertical','','',1,'left',0,'0000-00-00 00:00:00','0000-00-00 00:00:00','0000-00-00 00:00:00',1,'mod_menu',1,0,'{\"menutype\":\"mainmenuhypno\",\"startLevel\":\"1\",\"endLevel\":\"0\",\"showAllChildren\":\"0\",\"tag_id\":\"\",\"class_sfx\":\"\",\"window_open\":\"\",\"layout\":\"_:default\",\"moduleclass_sfx\":\"art-vmenu\",\"cache\":\"0\",\"cache_time\":\"900\",\"cachemode\":\"itemid\"}',0,'*'),(21,'testvertical customhtml','','<p>\r\n	module: test vertical, type = custom html</p>\r\n',2,'left',0,'0000-00-00 00:00:00','0000-00-00 00:00:00','0000-00-00 00:00:00',-2,'mod_custom',1,0,'{\"prepare_content\":\"1\",\"layout\":\"_:default\",\"moduleclass_sfx\":\"\",\"cache\":\"1\",\"cache_time\":\"900\",\"cachemode\":\"static\"}',0,'*'),(22,'second vertical menu','','',2,'left',0,'0000-00-00 00:00:00','0000-00-00 00:00:00','0000-00-00 00:00:00',0,'mod_menu',1,1,'{\"menutype\":\"menuvert\",\"startLevel\":\"1\",\"endLevel\":\"0\",\"showAllChildren\":\"0\",\"tag_id\":\"\",\"class_sfx\":\"\",\"window_open\":\"\",\"layout\":\"_:default\",\"moduleclass_sfx\":\"\",\"cache\":\"1\",\"cache_time\":\"900\",\"cachemode\":\"itemid\"}',0,'*');
CREATE TABLE `hypn01_modules_menu` (
  `moduleid` int(11) NOT NULL DEFAULT '0',
  `menuid` int(11) NOT NULL DEFAULT '0',
  PRIMARY KEY (`moduleid`,`menuid`)
) ENGINE=InnoDB DEFAULT CHARSET=utf8;

INSERT INTO `hypn01_modules_menu` VALUES (1,0),(2,0),(3,0),(4,0),(6,0),(7,0),(8,0),(9,0),(10,0),(12,0),(13,0),(14,0),(15,0),(16,0),(17,0),(18,0),(19,0),(20,0),(21,0);
CREATE TABLE `hypn01_newsfeeds` (
  `catid` int(11) NOT NULL DEFAULT '0',
  `id` int(10) unsigned NOT NULL AUTO_INCREMENT,
  `name` varchar(100) NOT NULL DEFAULT '',
  `alias` varchar(100) NOT NULL DEFAULT '',
  `link` varchar(200) NOT NULL DEFAULT '',
  `filename` varchar(200) DEFAULT NULL,
  `published` tinyint(1) NOT NULL DEFAULT '0',
  `numarticles` int(10) unsigned NOT NULL DEFAULT '1',
  `cache_time` int(10) unsigned NOT NULL DEFAULT '3600',
  `checked_out` int(10) unsigned NOT NULL DEFAULT '0',
  `checked_out_time` datetime NOT NULL DEFAULT '0000-00-00 00:00:00',
  `ordering` int(11) NOT NULL DEFAULT '0',
  `rtl` tinyint(4) NOT NULL DEFAULT '0',
  `access` tinyint(3) unsigned NOT NULL DEFAULT '0',
  `language` char(7) NOT NULL DEFAULT '',
  `params` text NOT NULL,
  `created` datetime NOT NULL DEFAULT '0000-00-00 00:00:00',
  `created_by` int(10) unsigned NOT NULL DEFAULT '0',
  `created_by_alias` varchar(255) NOT NULL DEFAULT '',
  `modified` datetime NOT NULL DEFAULT '0000-00-00 00:00:00',
  `modified_by` int(10) unsigned NOT NULL DEFAULT '0',
  `metakey` text NOT NULL,
  `metadesc` text NOT NULL,
  `metadata` text NOT NULL,
  `xreference` varchar(50) NOT NULL COMMENT 'A reference to enable linkages to external data sets.',
  `publish_up` datetime NOT NULL DEFAULT '0000-00-00 00:00:00',
  `publish_down` datetime NOT NULL DEFAULT '0000-00-00 00:00:00',
  PRIMARY KEY (`id`),
  KEY `idx_access` (`access`),
  KEY `idx_checkout` (`checked_out`),
  KEY `idx_state` (`published`),
  KEY `idx_catid` (`catid`),
  KEY `idx_createdby` (`created_by`),
  KEY `idx_language` (`language`),
  KEY `idx_xreference` (`xreference`)
) ENGINE=InnoDB DEFAULT CHARSET=utf8;

CREATE TABLE `hypn01_redirect_links` (
  `id` int(10) unsigned NOT NULL AUTO_INCREMENT,
  `old_url` varchar(150) NOT NULL,
  `new_url` varchar(150) NOT NULL,
  `referer` varchar(150) NOT NULL,
  `comment` varchar(255) NOT NULL,
  `published` tinyint(4) NOT NULL,
  `created_date` datetime NOT NULL DEFAULT '0000-00-00 00:00:00',
  `modified_date` datetime NOT NULL DEFAULT '0000-00-00 00:00:00',
  PRIMARY KEY (`id`),
  UNIQUE KEY `idx_link_old` (`old_url`),
  KEY `idx_link_modifed` (`modified_date`)
) ENGINE=InnoDB AUTO_INCREMENT=10 DEFAULT CHARSET=utf8;

INSERT INTO `hypn01_redirect_links` VALUES (1,'http://extensions-hypnose.fbaz.org/index.php/indicationstop/toto','','','',0,'2011-05-05 15:10:04','0000-00-00 00:00:00'),(2,'http://extensions-hypnose.fbaz.org/index.php/toto','','','',0,'2011-05-05 15:10:25','0000-00-00 00:00:00'),(4,'http://extensions-hypnose.fbaz.org/index.php/acceuilsitetoto','','','',0,'2011-05-05 16:40:35','0000-00-00 00:00:00'),(7,'http://extensions-hypnose.fbaz.org/index.php//index.php?contac=../../../../../../../../../../../../../../../../../../../../../../../..//proc/self/envi','','','',0,'2011-09-19 13:54:05','0000-00-00 00:00:00'),(8,'http://extensions-hypnose.fbaz.org//index.php?contac=../../../../../../../../../../../../../../../../../../../../../../../..//proc/self/environ\000','','','',0,'2011-09-19 13:54:05','0000-00-00 00:00:00'),(9,'http://hypnose-grenoble.fbaz.org/*','','','',0,'2011-09-22 12:14:41','0000-00-00 00:00:00');
CREATE TABLE `hypn01_schemas` (
  `extension_id` int(11) NOT NULL,
  `version_id` varchar(20) NOT NULL,
  PRIMARY KEY (`extension_id`,`version_id`)
) ENGINE=InnoDB DEFAULT CHARSET=utf8;
CREATE TABLE `hypn01_template_styles` (
  `id` int(10) unsigned NOT NULL AUTO_INCREMENT,
  `template` varchar(50) NOT NULL DEFAULT '',
  `client_id` tinyint(1) unsigned NOT NULL DEFAULT '0',
  `home` char(7) NOT NULL DEFAULT '0',
  `title` varchar(255) NOT NULL DEFAULT '',
  `params` text NOT NULL,
  PRIMARY KEY (`id`),
  KEY `idx_template` (`template`),
  KEY `idx_home` (`home`)
) ENGINE=InnoDB AUTO_INCREMENT=8 DEFAULT CHARSET=utf8;

INSERT INTO `hypn01_template_styles` VALUES (2,'bluestork',1,'1','Bluestork - Default','{\"useRoundedCorners\":\"1\",\"showSiteName\":\"0\"}'),(3,'atomic',0,'0','Atomic - Default','{}'),(4,'beez_20',0,'0','Beez2 - Default','{\"wrapperSmall\":\"53\",\"wrapperLarge\":\"72\",\"logo\":\"images\\/joomla_black.gif\",\"sitetitle\":\"Joomla!\",\"sitedescription\":\"Open Source Content Management\",\"navposition\":\"left\",\"templatecolor\":\"personal\",\"html5\":\"0\"}'),(5,'hathor',1,'0','Hathor - Default','{\"showSiteName\":\"0\",\"colourChoice\":\"\",\"boldText\":\"0\"}'),(6,'beez5',0,'0','Beez5 - Default-Fruit Shop','{\"wrapperSmall\":\"53\",\"wrapperLarge\":\"72\",\"logo\":\"images\\/sampledata\\/fruitshop\\/fruits.gif\",\"sitetitle\":\"Matuna Market \",\"sitedescription\":\"Fruit Shop Sample Site\",\"navposition\":\"left\",\"html5\":\"0\"}'),(7,'hypnotplt1',0,'1','hypnotplt1 - Default','{}');
CREATE TABLE `hypn01_update_categories` (
  `categoryid` int(11) NOT NULL AUTO_INCREMENT,
  `name` varchar(20) DEFAULT '',
  `description` text NOT NULL,
  `parent` int(11) DEFAULT '0',
  `updatesite` int(11) DEFAULT '0',
  PRIMARY KEY (`categoryid`)
) ENGINE=InnoDB DEFAULT CHARSET=utf8 COMMENT='Update Categories';

CREATE TABLE `hypn01_update_sites` (
  `update_site_id` int(11) NOT NULL AUTO_INCREMENT,
  `name` varchar(100) DEFAULT '',
  `type` varchar(20) DEFAULT '',
  `location` text NOT NULL,
  `enabled` int(11) DEFAULT '0',
  PRIMARY KEY (`update_site_id`)
) ENGINE=InnoDB AUTO_INCREMENT=3 DEFAULT CHARSET=utf8 COMMENT='Update Sites';

INSERT INTO `hypn01_update_sites` VALUES (1,'Joomla Core','collection','http://update.joomla.org/core/list.xml',1),(2,'Joomla Extension Directory','collection','http://update.joomla.org/jed/list.xml',1);
CREATE TABLE `hypn01_update_sites_extensions` (
  `update_site_id` int(11) NOT NULL DEFAULT '0',
  `extension_id` int(11) NOT NULL DEFAULT '0',
  PRIMARY KEY (`update_site_id`,`extension_id`)
) ENGINE=MyISAM DEFAULT CHARSET=utf8 COMMENT='Links extensions to update sites';

INSERT INTO `hypn01_update_sites_extensions` VALUES (1,700),(2,700);
CREATE TABLE `hypn01_updates` (
  `update_id` int(11) NOT NULL AUTO_INCREMENT,
  `update_site_id` int(11) DEFAULT '0',
  `extension_id` int(11) DEFAULT '0',
  `categoryid` int(11) DEFAULT '0',
  `name` varchar(100) DEFAULT '',
  `description` text NOT NULL,
  `element` varchar(100) DEFAULT '',
  `type` varchar(20) DEFAULT '',
  `folder` varchar(20) DEFAULT '',
  `client_id` tinyint(3) DEFAULT '0',
  `version` varchar(10) DEFAULT '',
  `data` text NOT NULL,
  `detailsurl` text NOT NULL,
  PRIMARY KEY (`update_id`)
) ENGINE=InnoDB DEFAULT CHARSET=utf8 COMMENT='Available Updates';

CREATE TABLE `hypn01_user_profiles` (
  `user_id` int(11) NOT NULL,
  `profile_key` varchar(100) NOT NULL,
  `profile_value` varchar(255) NOT NULL,
  `ordering` int(11) NOT NULL DEFAULT '0',
  UNIQUE KEY `idx_user_id_profile_key` (`user_id`,`profile_key`)
) ENGINE=InnoDB DEFAULT CHARSET=utf8 COMMENT='Simple user profile storage table';

CREATE TABLE `hypn01_user_usergroup_map` (
  `user_id` int(10) unsigned NOT NULL DEFAULT '0' COMMENT 'Foreign Key to #__users.id',
  `group_id` int(10) unsigned NOT NULL DEFAULT '0' COMMENT 'Foreign Key to #__usergroups.id',
  PRIMARY KEY (`user_id`,`group_id`)
) ENGINE=InnoDB DEFAULT CHARSET=utf8;

INSERT INTO `hypn01_user_usergroup_map` VALUES (42,8);
CREATE TABLE `hypn01_usergroups` (
  `id` int(10) unsigned NOT NULL AUTO_INCREMENT COMMENT 'Primary Key',
  `parent_id` int(10) unsigned NOT NULL DEFAULT '0' COMMENT 'Adjacency List Reference Id',
  `lft` int(11) NOT NULL DEFAULT '0' COMMENT 'Nested set lft.',
  `rgt` int(11) NOT NULL DEFAULT '0' COMMENT 'Nested set rgt.',
  `title` varchar(100) NOT NULL DEFAULT '',
  PRIMARY KEY (`id`),
  UNIQUE KEY `idx_usergroup_parent_title_lookup` (`parent_id`,`title`),
  KEY `idx_usergroup_title_lookup` (`title`),
  KEY `idx_usergroup_adjacency_lookup` (`parent_id`),
  KEY `idx_usergroup_nested_set_lookup` (`lft`,`rgt`) USING BTREE
) ENGINE=InnoDB AUTO_INCREMENT=9 DEFAULT CHARSET=utf8;

INSERT INTO `hypn01_usergroups` VALUES (1,0,1,20,'Public'),(2,1,6,17,'Registered'),(3,2,7,14,'Author'),(4,3,8,11,'Editor'),(5,4,9,10,'Publisher'),(6,1,2,5,'Manager'),(7,6,3,4,'Administrator'),(8,1,18,19,'Super Users');
CREATE TABLE `hypn01_viewlevels` (
  `id` int(10) unsigned NOT NULL AUTO_INCREMENT COMMENT 'Primary Key',
  `title` varchar(100) NOT NULL DEFAULT '',
  `ordering` int(11) NOT NULL DEFAULT '0',
  `rules` varchar(5120) NOT NULL COMMENT 'JSON encoded access control.',
  PRIMARY KEY (`id`),
  UNIQUE KEY `idx_assetgroup_title_lookup` (`title`)
) ENGINE=InnoDB AUTO_INCREMENT=4 DEFAULT CHARSET=utf8;

INSERT INTO `hypn01_viewlevels` VALUES (1,'Public',0,'[1]'),(2,'Registered',1,'[6,2,8]'),(3,'Special',2,'[6,3,8]');
CREATE TABLE `hypn01_weblinks` (
  `id` int(10) unsigned NOT NULL AUTO_INCREMENT,
  `catid` int(11) NOT NULL DEFAULT '0',
  `sid` int(11) NOT NULL DEFAULT '0',
  `title` varchar(250) NOT NULL DEFAULT '',
  `alias` varchar(255) NOT NULL DEFAULT '',
  `url` varchar(250) NOT NULL DEFAULT '',
  `description` text NOT NULL,
  `date` datetime NOT NULL DEFAULT '0000-00-00 00:00:00',
  `hits` int(11) NOT NULL DEFAULT '0',
  `state` tinyint(1) NOT NULL DEFAULT '0',
  `checked_out` int(11) NOT NULL DEFAULT '0',
  `checked_out_time` datetime NOT NULL DEFAULT '0000-00-00 00:00:00',
  `ordering` int(11) NOT NULL DEFAULT '0',
  `archived` tinyint(1) NOT NULL DEFAULT '0',
  `approved` tinyint(1) NOT NULL DEFAULT '1',
  `access` int(11) NOT NULL DEFAULT '1',
  `params` text NOT NULL,
  `language` char(7) NOT NULL DEFAULT '',
  `created` datetime NOT NULL DEFAULT '0000-00-00 00:00:00',
  `created_by` int(10) unsigned NOT NULL DEFAULT '0',
  `created_by_alias` varchar(255) NOT NULL DEFAULT '',
  `modified` datetime NOT NULL DEFAULT '0000-00-00 00:00:00',
  `modified_by` int(10) unsigned NOT NULL DEFAULT '0',
  `metakey` text NOT NULL,
  `metadesc` text NOT NULL,
  `metadata` text NOT NULL,
  `featured` tinyint(3) unsigned NOT NULL DEFAULT '0' COMMENT 'Set if link is featured.',
  `xreference` varchar(50) NOT NULL COMMENT 'A reference to enable linkages to external data sets.',
  `publish_up` datetime NOT NULL DEFAULT '0000-00-00 00:00:00',
  `publish_down` datetime NOT NULL DEFAULT '0000-00-00 00:00:00',
  PRIMARY KEY (`id`),
  KEY `idx_access` (`access`),
  KEY `idx_checkout` (`checked_out`),
  KEY `idx_state` (`state`),
  KEY `idx_catid` (`catid`),
  KEY `idx_createdby` (`created_by`),
  KEY `idx_featured_catid` (`featured`,`catid`),
  KEY `idx_language` (`language`),
  KEY `idx_xreference` (`xreference`)
) ENGINE=InnoDB DEFAULT CHARSET=utf8;

/*!50001 DROP VIEW IF EXISTS `view1test`*/;
/*!50001 CREATE TABLE `view1test` (
  `Rows` bigint(21),
  `fulltext` mediumtext
) */;
/*!50001 DROP TABLE IF EXISTS `view1test`*/;
/*!50001 DROP VIEW IF EXISTS `view1test`*/;


